{"id":41609,"date":"2025-02-04T14:51:01","date_gmt":"2025-02-04T14:51:01","guid":{"rendered":"https:\/\/neuchatel-vins-terroir.ch\/?post_type=document&#038;p=41609"},"modified":"2025-02-04T14:52:00","modified_gmt":"2025-02-04T14:52:00","slug":"couleurs-locales-au-rendez-vous-de-la-sortie-du-non-filtre","status":"publish","type":"document","link":"https:\/\/neuchatel-vins-terroir.ch\/de\/dokument\/couleurs-locales-au-rendez-vous-de-la-sortie-du-non-filtre\/","title":{"rendered":"Couleurs Locales au rendez-vous de la sortie du Non Filtr\u00e9"},"content":{"rendered":"\n<p>Le Non Filtr\u00e9 f\u00eate son 50\u00e8me mill\u00e9sime !<\/p>\n","protected":false},"author":25,"featured_media":0,"template":"","meta":{"_acf_changed":false,"_kad_blocks_custom_css":"","_kad_blocks_head_custom_js":"","_kad_blocks_body_custom_js":"","_kad_blocks_footer_custom_js":"","footnotes":""},"document_type":[217],"class_list":["post-41609","document","type-document","status-publish","hentry","document_type-communique"],"acf":[],"yoast_head":"<!-- This site is optimized with the Yoast SEO plugin v27.5 - https:\/\/yoast.com\/product\/yoast-seo-wordpress\/ -->\n<title>Couleurs Locales au rendez-vous de la sortie du Non Filtr\u00e9 - Neuch\u00e2tel vins et terroir<\/title>\n<meta name=\"robots\" content=\"index, follow, max-snippet:-1, max-image-preview:large, max-video-preview:-1\" \/>\n<link rel=\"canonical\" href=\"https:\/\/neuchatel-vins-terroir.ch\/document\/couleurs-locales-au-rendez-vous-de-la-sortie-du-non-filtre\/\" \/>\n<meta property=\"og:locale\" content=\"de_DE\" \/>\n<meta property=\"og:type\" content=\"article\" \/>\n<meta property=\"og:title\" content=\"Couleurs Locales au rendez-vous de la sortie du Non Filtr\u00e9 - Neuch\u00e2tel vins et terroir\" \/>\n<meta property=\"og:description\" content=\"Le Non Filtr\u00e9 f\u00eate son 50\u00e8me mill\u00e9sime !\" \/>\n<meta property=\"og:url\" content=\"https:\/\/neuchatel-vins-terroir.ch\/document\/couleurs-locales-au-rendez-vous-de-la-sortie-du-non-filtre\/\" \/>\n<meta property=\"og:site_name\" content=\"Neuch\u00e2tel vins et terroir\" \/>\n<meta property=\"article:modified_time\" content=\"2025-02-04T14:52:00+00:00\" \/>\n<meta name=\"twitter:card\" content=\"summary_large_image\" \/>\n<script type=\"application\/ld+json\" class=\"yoast-schema-graph\">{\"@context\":\"https:\\\/\\\/schema.org\",\"@graph\":[{\"@type\":\"WebPage\",\"@id\":\"https:\\\/\\\/neuchatel-vins-terroir.ch\\\/document\\\/couleurs-locales-au-rendez-vous-de-la-sortie-du-non-filtre\\\/\",\"url\":\"https:\\\/\\\/neuchatel-vins-terroir.ch\\\/document\\\/couleurs-locales-au-rendez-vous-de-la-sortie-du-non-filtre\\\/\",\"name\":\"Couleurs Locales au rendez-vous de la sortie du Non Filtr\u00e9 - Neuch\u00e2tel vins et terroir\",\"isPartOf\":{\"@id\":\"https:\\\/\\\/neuchatel-vins-terroir.ch\\\/#website\"},\"datePublished\":\"2025-02-04T14:51:01+00:00\",\"dateModified\":\"2025-02-04T14:52:00+00:00\",\"breadcrumb\":{\"@id\":\"https:\\\/\\\/neuchatel-vins-terroir.ch\\\/document\\\/couleurs-locales-au-rendez-vous-de-la-sortie-du-non-filtre\\\/#breadcrumb\"},\"inLanguage\":\"de\",\"potentialAction\":[{\"@type\":\"ReadAction\",\"target\":[\"https:\\\/\\\/neuchatel-vins-terroir.ch\\\/document\\\/couleurs-locales-au-rendez-vous-de-la-sortie-du-non-filtre\\\/\"]}]},{\"@type\":\"BreadcrumbList\",\"@id\":\"https:\\\/\\\/neuchatel-vins-terroir.ch\\\/document\\\/couleurs-locales-au-rendez-vous-de-la-sortie-du-non-filtre\\\/#breadcrumb\",\"itemListElement\":[{\"@type\":\"ListItem\",\"position\":1,\"name\":\"Accueil\",\"item\":\"https:\\\/\\\/neuchatel-vins-terroir.ch\\\/de\\\/home\\\/\"},{\"@type\":\"ListItem\",\"position\":2,\"name\":\"Documents\",\"item\":\"https:\\\/\\\/neuchatel-vins-terroir.ch\\\/document\\\/\"},{\"@type\":\"ListItem\",\"position\":3,\"name\":\"Couleurs Locales au rendez-vous de la sortie du Non Filtr\u00e9\"}]},{\"@type\":\"WebSite\",\"@id\":\"https:\\\/\\\/neuchatel-vins-terroir.ch\\\/#website\",\"url\":\"https:\\\/\\\/neuchatel-vins-terroir.ch\\\/\",\"name\":\"Neuch\u00e2tel vins et terroir\",\"description\":\"Neuch\u00e2tel vins et terroir\",\"publisher\":{\"@id\":\"https:\\\/\\\/neuchatel-vins-terroir.ch\\\/#organization\"},\"potentialAction\":[{\"@type\":\"SearchAction\",\"target\":{\"@type\":\"EntryPoint\",\"urlTemplate\":\"https:\\\/\\\/neuchatel-vins-terroir.ch\\\/?s={search_term_string}\"},\"query-input\":{\"@type\":\"PropertyValueSpecification\",\"valueRequired\":true,\"valueName\":\"search_term_string\"}}],\"inLanguage\":\"de\"},{\"@type\":\"Organization\",\"@id\":\"https:\\\/\\\/neuchatel-vins-terroir.ch\\\/#organization\",\"name\":\"Neuch\u00e2tel vins et terroir\",\"url\":\"https:\\\/\\\/neuchatel-vins-terroir.ch\\\/\",\"logo\":{\"@type\":\"ImageObject\",\"inLanguage\":\"de\",\"@id\":\"https:\\\/\\\/neuchatel-vins-terroir.ch\\\/#\\\/schema\\\/logo\\\/image\\\/\",\"url\":\"https:\\\/\\\/neuchatel-vins-terroir.ch\\\/wp-content\\\/uploads\\\/2021\\\/11\\\/logo_nvt.svg\",\"contentUrl\":\"https:\\\/\\\/neuchatel-vins-terroir.ch\\\/wp-content\\\/uploads\\\/2021\\\/11\\\/logo_nvt.svg\",\"width\":156,\"height\":82,\"caption\":\"Neuch\u00e2tel vins et terroir\"},\"image\":{\"@id\":\"https:\\\/\\\/neuchatel-vins-terroir.ch\\\/#\\\/schema\\\/logo\\\/image\\\/\"}}]}<\/script>\n<!-- \/ Yoast SEO plugin. -->","yoast_head_json":{"title":"Couleurs Locales au rendez-vous de la sortie du Non Filtr\u00e9 - Neuch\u00e2tel vins et terroir","robots":{"index":"index","follow":"follow","max-snippet":"max-snippet:-1","max-image-preview":"max-image-preview:large","max-video-preview":"max-video-preview:-1"},"canonical":"https:\/\/neuchatel-vins-terroir.ch\/document\/couleurs-locales-au-rendez-vous-de-la-sortie-du-non-filtre\/","og_locale":"de_DE","og_type":"article","og_title":"Couleurs Locales au rendez-vous de la sortie du Non Filtr\u00e9 - Neuch\u00e2tel vins et terroir","og_description":"Le Non Filtr\u00e9 f\u00eate son 50\u00e8me mill\u00e9sime !","og_url":"https:\/\/neuchatel-vins-terroir.ch\/document\/couleurs-locales-au-rendez-vous-de-la-sortie-du-non-filtre\/","og_site_name":"Neuch\u00e2tel vins et terroir","article_modified_time":"2025-02-04T14:52:00+00:00","twitter_card":"summary_large_image","schema":{"@context":"https:\/\/schema.org","@graph":[{"@type":"WebPage","@id":"https:\/\/neuchatel-vins-terroir.ch\/document\/couleurs-locales-au-rendez-vous-de-la-sortie-du-non-filtre\/","url":"https:\/\/neuchatel-vins-terroir.ch\/document\/couleurs-locales-au-rendez-vous-de-la-sortie-du-non-filtre\/","name":"Couleurs Locales au rendez-vous de la sortie du Non Filtr\u00e9 - Neuch\u00e2tel vins et terroir","isPartOf":{"@id":"https:\/\/neuchatel-vins-terroir.ch\/#website"},"datePublished":"2025-02-04T14:51:01+00:00","dateModified":"2025-02-04T14:52:00+00:00","breadcrumb":{"@id":"https:\/\/neuchatel-vins-terroir.ch\/document\/couleurs-locales-au-rendez-vous-de-la-sortie-du-non-filtre\/#breadcrumb"},"inLanguage":"de","potentialAction":[{"@type":"ReadAction","target":["https:\/\/neuchatel-vins-terroir.ch\/document\/couleurs-locales-au-rendez-vous-de-la-sortie-du-non-filtre\/"]}]},{"@type":"BreadcrumbList","@id":"https:\/\/neuchatel-vins-terroir.ch\/document\/couleurs-locales-au-rendez-vous-de-la-sortie-du-non-filtre\/#breadcrumb","itemListElement":[{"@type":"ListItem","position":1,"name":"Accueil","item":"https:\/\/neuchatel-vins-terroir.ch\/de\/home\/"},{"@type":"ListItem","position":2,"name":"Documents","item":"https:\/\/neuchatel-vins-terroir.ch\/document\/"},{"@type":"ListItem","position":3,"name":"Couleurs Locales au rendez-vous de la sortie du Non Filtr\u00e9"}]},{"@type":"WebSite","@id":"https:\/\/neuchatel-vins-terroir.ch\/#website","url":"https:\/\/neuchatel-vins-terroir.ch\/","name":"Neuch\u00e2tel vins et terroir","description":"Neuch\u00e2tel vins et terroir","publisher":{"@id":"https:\/\/neuchatel-vins-terroir.ch\/#organization"},"potentialAction":[{"@type":"SearchAction","target":{"@type":"EntryPoint","urlTemplate":"https:\/\/neuchatel-vins-terroir.ch\/?s={search_term_string}"},"query-input":{"@type":"PropertyValueSpecification","valueRequired":true,"valueName":"search_term_string"}}],"inLanguage":"de"},{"@type":"Organization","@id":"https:\/\/neuchatel-vins-terroir.ch\/#organization","name":"Neuch\u00e2tel vins et terroir","url":"https:\/\/neuchatel-vins-terroir.ch\/","logo":{"@type":"ImageObject","inLanguage":"de","@id":"https:\/\/neuchatel-vins-terroir.ch\/#\/schema\/logo\/image\/","url":"https:\/\/neuchatel-vins-terroir.ch\/wp-content\/uploads\/2021\/11\/logo_nvt.svg","contentUrl":"https:\/\/neuchatel-vins-terroir.ch\/wp-content\/uploads\/2021\/11\/logo_nvt.svg","width":156,"height":82,"caption":"Neuch\u00e2tel vins et terroir"},"image":{"@id":"https:\/\/neuchatel-vins-terroir.ch\/#\/schema\/logo\/image\/"}}]}},"taxonomy_info":{"document_type":[{"value":217,"label":"Communiqu\u00e9"}]},"featured_image_src_large":false,"author_info":{"display_name":"Neuchatel Vins et Terroir NVT","author_link":"https:\/\/neuchatel-vins-terroir.ch\/de\/author\/nvt\/"},"comment_info":"","publishpress_future_workflow_manual_trigger":{"enabledWorkflows":[]},"_links":{"self":[{"href":"https:\/\/neuchatel-vins-terroir.ch\/de\/wp-json\/wp\/v2\/document\/41609","targetHints":{"allow":["GET"]}}],"collection":[{"href":"https:\/\/neuchatel-vins-terroir.ch\/de\/wp-json\/wp\/v2\/document"}],"about":[{"href":"https:\/\/neuchatel-vins-terroir.ch\/de\/wp-json\/wp\/v2\/types\/document"}],"author":[{"embeddable":true,"href":"https:\/\/neuchatel-vins-terroir.ch\/de\/wp-json\/wp\/v2\/users\/25"}],"version-history":[{"count":1,"href":"https:\/\/neuchatel-vins-terroir.ch\/de\/wp-json\/wp\/v2\/document\/41609\/revisions"}],"predecessor-version":[{"id":41613,"href":"https:\/\/neuchatel-vins-terroir.ch\/de\/wp-json\/wp\/v2\/document\/41609\/revisions\/41613"}],"wp:attachment":[{"href":"https:\/\/neuchatel-vins-terroir.ch\/de\/wp-json\/wp\/v2\/media?parent=41609"}],"wp:term":[{"taxonomy":"document_type","embeddable":true,"href":"https:\/\/neuchatel-vins-terroir.ch\/de\/wp-json\/wp\/v2\/document_type?post=41609"}],"curies":[{"name":"wp","href":"https:\/\/api.w.org\/{rel}","templated":true}]}}

Couleurs Locales au rendez-vous de la sortie du Non Filtré

<p>Le Non Filtré fête son 50ème millésime !</p>

<!-- This site is optimized with the Yoast SEO plugin v27.5 - https://yoast.com/product/yoast-seo-wordpress/ -->
<title>Couleurs Locales au rendez-vous de la sortie du Non Filtré - Neuchâtel vins et terroir</title>
<meta name="robots" content="index, follow, max-snippet:-1, max-image-preview:large, max-video-preview:-1" />
<link rel="canonical" href="https://neuchatel-vins-terroir.ch/document/couleurs-locales-au-rendez-vous-de-la-sortie-du-non-filtre/" />
<meta property="og:locale" content="de_DE" />
<meta property="og:type" content="article" />
<meta property="og:title" content="Couleurs Locales au rendez-vous de la sortie du Non Filtré - Neuchâtel vins et terroir" />
<meta property="og:description" content="Le Non Filtré fête son 50ème millésime !" />
<meta property="og:url" content="https://neuchatel-vins-terroir.ch/document/couleurs-locales-au-rendez-vous-de-la-sortie-du-non-filtre/" />
<meta property="og:site_name" content="Neuchâtel vins et terroir" />
<meta property="article:modified_time" content="2025-02-04T14:52:00+00:00" />
<meta name="twitter:card" content="summary_large_image" />
<script type="application/ld+json" class="yoast-schema-graph">{"@context":"https:\/\/schema.org","@graph":[{"@type":"WebPage","@id":"https:\/\/neuchatel-vins-terroir.ch\/document\/couleurs-locales-au-rendez-vous-de-la-sortie-du-non-filtre\/","url":"https:\/\/neuchatel-vins-terroir.ch\/document\/couleurs-locales-au-rendez-vous-de-la-sortie-du-non-filtre\/","name":"Couleurs Locales au rendez-vous de la sortie du Non Filtré - Neuchâtel vins et terroir","isPartOf":{"@id":"https:\/\/neuchatel-vins-terroir.ch\/#website"},"datePublished":"2025-02-04T14:51:01+00:00","dateModified":"2025-02-04T14:52:00+00:00","breadcrumb":{"@id":"https:\/\/neuchatel-vins-terroir.ch\/document\/couleurs-locales-au-rendez-vous-de-la-sortie-du-non-filtre\/#breadcrumb"},"inLanguage":"de","potentialAction":[{"@type":"ReadAction","target":["https:\/\/neuchatel-vins-terroir.ch\/document\/couleurs-locales-au-rendez-vous-de-la-sortie-du-non-filtre\/"]}]},{"@type":"BreadcrumbList","@id":"https:\/\/neuchatel-vins-terroir.ch\/document\/couleurs-locales-au-rendez-vous-de-la-sortie-du-non-filtre\/#breadcrumb","itemListElement":[{"@type":"ListItem","position":1,"name":"Accueil","item":"https:\/\/neuchatel-vins-terroir.ch\/de\/home\/"},{"@type":"ListItem","position":2,"name":"Documents","item":"https:\/\/neuchatel-vins-terroir.ch\/document\/"},{"@type":"ListItem","position":3,"name":"Couleurs Locales au rendez-vous de la sortie du Non Filtré"}]},{"@type":"WebSite","@id":"https:\/\/neuchatel-vins-terroir.ch\/#website","url":"https:\/\/neuchatel-vins-terroir.ch\/","name":"Neuchâtel vins et terroir","description":"Neuchâtel vins et terroir","publisher":{"@id":"https:\/\/neuchatel-vins-terroir.ch\/#organization"},"potentialAction":[{"@type":"SearchAction","target":{"@type":"EntryPoint","urlTemplate":"https:\/\/neuchatel-vins-terroir.ch\/?s={search_term_string}"},"query-input":{"@type":"PropertyValueSpecification","valueRequired":true,"valueName":"search_term_string"}}],"inLanguage":"de"},{"@type":"Organization","@id":"https:\/\/neuchatel-vins-terroir.ch\/#organization","name":"Neuchâtel vins et terroir","url":"https:\/\/neuchatel-vins-terroir.ch\/","logo":{"@type":"ImageObject","inLanguage":"de","@id":"https:\/\/neuchatel-vins-terroir.ch\/#\/schema\/logo\/image\/","url":"https:\/\/neuchatel-vins-terroir.ch\/wp-content\/uploads\/2021\/11\/logo_nvt.svg","contentUrl":"https:\/\/neuchatel-vins-terroir.ch\/wp-content\/uploads\/2021\/11\/logo_nvt.svg","width":156,"height":82,"caption":"Neuchâtel vins et terroir"},"image":{"@id":"https:\/\/neuchatel-vins-terroir.ch\/#\/schema\/logo\/image\/"}}]}</script>
<!-- / Yoast SEO plugin. -->

Couleurs Locales au rendez-vous de la sortie du Non Filtré - Neuchâtel vins et terroir

Le Non Filtré fête son 50ème millésime !

Neuchâtel vins et terroir

Communiqué
