{"id":46998,"date":"2026-02-13T08:36:30","date_gmt":"2026-02-13T08:36:30","guid":{"rendered":"https:\/\/neuchatel-vins-terroir.ch\/evenement\/fete-des-vendanges\/"},"modified":"2026-02-13T08:37:54","modified_gmt":"2026-02-13T08:37:54","slug":"fete-des-vendanges","status":"publish","type":"event","link":"https:\/\/neuchatel-vins-terroir.ch\/de\/veranstaltung\/fete-des-vendanges\/","title":{"rendered":"F\u00eate des Vendanges"},"content":{"rendered":"\n<p>25. &#8211; 26. &#8211; 27. September 2026<\/p>\n\n<p>Chalets in der Rue du Seyon<\/p>\n\n<p>Der Schwerpunkt liegt auf den Teilnehmern der letzten Jahre.  <br\/><br\/>Es besteht die M\u00f6glichkeit, das Chalet mit einem anderen Weinbauern oder einem Erzeuger\/Partner mit NVT-Label zu teilen. Es besteht die M\u00f6glichkeit, eine ehrenamtliche Gesellschaft mit der Betreuung des Chalets zu beauftragen. NVT \u00fcbernimmt die Miete, den Auf- und Abbau aller Chalets.  <br\/><\/p>\n\n<p>\u00d6ffnungszeiten<br\/>Freitag 16.00 &#8211; 24.00 Uhr<br\/>Samstag 11.00-24.00 Uhr<br\/>Sonntag 11.00-22.00 Uhr<\/p>\n\n<p><br\/>Preis f\u00fcr einen Standplatz f\u00fcr die Dauer des Festes: &#8230; (noch zu best\u00e4tigen) Die Stadt wird den Preis erh\u00f6hen und die FDV muss sich erneut an uns wenden.<\/p>\n\n<p><\/p>\n","protected":false},"author":25,"featured_media":0,"template":"","meta":{"_acf_changed":false,"_kad_blocks_custom_css":"","_kad_blocks_head_custom_js":"","_kad_blocks_body_custom_js":"","_kad_blocks_footer_custom_js":"","footnotes":""},"tags":[1064],"event_type":[],"class_list":["post-46998","event","type-event","status-publish","hentry","tag-events-partner"],"acf":[],"yoast_head":"<!-- This site is optimized with the Yoast SEO plugin v27.5 - https:\/\/yoast.com\/product\/yoast-seo-wordpress\/ -->\n<title>F\u00eate des Vendanges - Neuch\u00e2tel vins et terroir<\/title>\n<meta name=\"robots\" content=\"index, follow, max-snippet:-1, max-image-preview:large, max-video-preview:-1\" \/>\n<link rel=\"canonical\" href=\"https:\/\/neuchatel-vins-terroir.ch\/de\/veranstaltung\/fete-des-vendanges\/\" \/>\n<meta property=\"og:locale\" content=\"de_DE\" \/>\n<meta property=\"og:type\" content=\"article\" \/>\n<meta property=\"og:title\" content=\"F\u00eate des Vendanges - Neuch\u00e2tel vins et terroir\" \/>\n<meta property=\"og:description\" content=\"25. &#8211; 26. &#8211; 27. September 2026 Chalets in der Rue du Seyon Der Schwerpunkt liegt auf den Teilnehmern der [&hellip;]\" \/>\n<meta property=\"og:url\" content=\"https:\/\/neuchatel-vins-terroir.ch\/de\/veranstaltung\/fete-des-vendanges\/\" \/>\n<meta property=\"og:site_name\" content=\"Neuch\u00e2tel vins et terroir\" \/>\n<meta property=\"article:modified_time\" content=\"2026-02-13T08:37:54+00:00\" \/>\n<meta name=\"twitter:card\" content=\"summary_large_image\" \/>\n<meta name=\"twitter:label1\" content=\"Gesch\u00e4tzte Lesezeit\" \/>\n\t<meta name=\"twitter:data1\" content=\"1\u00a0Minute\" \/>\n<script type=\"application\/ld+json\" class=\"yoast-schema-graph\">{\"@context\":\"https:\\\/\\\/schema.org\",\"@graph\":[{\"@type\":\"WebPage\",\"@id\":\"https:\\\/\\\/neuchatel-vins-terroir.ch\\\/de\\\/veranstaltung\\\/fete-des-vendanges\\\/\",\"url\":\"https:\\\/\\\/neuchatel-vins-terroir.ch\\\/de\\\/veranstaltung\\\/fete-des-vendanges\\\/\",\"name\":\"F\u00eate des Vendanges - Neuch\u00e2tel vins et terroir\",\"isPartOf\":{\"@id\":\"https:\\\/\\\/neuchatel-vins-terroir.ch\\\/#website\"},\"datePublished\":\"2026-02-13T08:36:30+00:00\",\"dateModified\":\"2026-02-13T08:37:54+00:00\",\"breadcrumb\":{\"@id\":\"https:\\\/\\\/neuchatel-vins-terroir.ch\\\/de\\\/veranstaltung\\\/fete-des-vendanges\\\/#breadcrumb\"},\"inLanguage\":\"de\",\"potentialAction\":[{\"@type\":\"ReadAction\",\"target\":[\"https:\\\/\\\/neuchatel-vins-terroir.ch\\\/de\\\/veranstaltung\\\/fete-des-vendanges\\\/\"]}]},{\"@type\":\"BreadcrumbList\",\"@id\":\"https:\\\/\\\/neuchatel-vins-terroir.ch\\\/de\\\/veranstaltung\\\/fete-des-vendanges\\\/#breadcrumb\",\"itemListElement\":[{\"@type\":\"ListItem\",\"position\":1,\"name\":\"Accueil\",\"item\":\"https:\\\/\\\/neuchatel-vins-terroir.ch\\\/de\\\/home\\\/\"},{\"@type\":\"ListItem\",\"position\":2,\"name\":\"Ev\u00e9nements\",\"item\":\"https:\\\/\\\/neuchatel-vins-terroir.ch\\\/evenement\\\/\"},{\"@type\":\"ListItem\",\"position\":3,\"name\":\"F\u00eate des Vendanges\"}]},{\"@type\":\"WebSite\",\"@id\":\"https:\\\/\\\/neuchatel-vins-terroir.ch\\\/#website\",\"url\":\"https:\\\/\\\/neuchatel-vins-terroir.ch\\\/\",\"name\":\"Neuch\u00e2tel vins et terroir\",\"description\":\"Neuch\u00e2tel vins et terroir\",\"publisher\":{\"@id\":\"https:\\\/\\\/neuchatel-vins-terroir.ch\\\/#organization\"},\"potentialAction\":[{\"@type\":\"SearchAction\",\"target\":{\"@type\":\"EntryPoint\",\"urlTemplate\":\"https:\\\/\\\/neuchatel-vins-terroir.ch\\\/?s={search_term_string}\"},\"query-input\":{\"@type\":\"PropertyValueSpecification\",\"valueRequired\":true,\"valueName\":\"search_term_string\"}}],\"inLanguage\":\"de\"},{\"@type\":\"Organization\",\"@id\":\"https:\\\/\\\/neuchatel-vins-terroir.ch\\\/#organization\",\"name\":\"Neuch\u00e2tel vins et terroir\",\"url\":\"https:\\\/\\\/neuchatel-vins-terroir.ch\\\/\",\"logo\":{\"@type\":\"ImageObject\",\"inLanguage\":\"de\",\"@id\":\"https:\\\/\\\/neuchatel-vins-terroir.ch\\\/#\\\/schema\\\/logo\\\/image\\\/\",\"url\":\"https:\\\/\\\/neuchatel-vins-terroir.ch\\\/wp-content\\\/uploads\\\/2021\\\/11\\\/logo_nvt.svg\",\"contentUrl\":\"https:\\\/\\\/neuchatel-vins-terroir.ch\\\/wp-content\\\/uploads\\\/2021\\\/11\\\/logo_nvt.svg\",\"width\":156,\"height\":82,\"caption\":\"Neuch\u00e2tel vins et terroir\"},\"image\":{\"@id\":\"https:\\\/\\\/neuchatel-vins-terroir.ch\\\/#\\\/schema\\\/logo\\\/image\\\/\"}}]}<\/script>\n<!-- \/ Yoast SEO plugin. -->","yoast_head_json":{"title":"F\u00eate des Vendanges - Neuch\u00e2tel vins et terroir","robots":{"index":"index","follow":"follow","max-snippet":"max-snippet:-1","max-image-preview":"max-image-preview:large","max-video-preview":"max-video-preview:-1"},"canonical":"https:\/\/neuchatel-vins-terroir.ch\/de\/veranstaltung\/fete-des-vendanges\/","og_locale":"de_DE","og_type":"article","og_title":"F\u00eate des Vendanges - Neuch\u00e2tel vins et terroir","og_description":"25. &#8211; 26. &#8211; 27. September 2026 Chalets in der Rue du Seyon Der Schwerpunkt liegt auf den Teilnehmern der [&hellip;]","og_url":"https:\/\/neuchatel-vins-terroir.ch\/de\/veranstaltung\/fete-des-vendanges\/","og_site_name":"Neuch\u00e2tel vins et terroir","article_modified_time":"2026-02-13T08:37:54+00:00","twitter_card":"summary_large_image","twitter_misc":{"Gesch\u00e4tzte Lesezeit":"1\u00a0Minute"},"schema":{"@context":"https:\/\/schema.org","@graph":[{"@type":"WebPage","@id":"https:\/\/neuchatel-vins-terroir.ch\/de\/veranstaltung\/fete-des-vendanges\/","url":"https:\/\/neuchatel-vins-terroir.ch\/de\/veranstaltung\/fete-des-vendanges\/","name":"F\u00eate des Vendanges - Neuch\u00e2tel vins et terroir","isPartOf":{"@id":"https:\/\/neuchatel-vins-terroir.ch\/#website"},"datePublished":"2026-02-13T08:36:30+00:00","dateModified":"2026-02-13T08:37:54+00:00","breadcrumb":{"@id":"https:\/\/neuchatel-vins-terroir.ch\/de\/veranstaltung\/fete-des-vendanges\/#breadcrumb"},"inLanguage":"de","potentialAction":[{"@type":"ReadAction","target":["https:\/\/neuchatel-vins-terroir.ch\/de\/veranstaltung\/fete-des-vendanges\/"]}]},{"@type":"BreadcrumbList","@id":"https:\/\/neuchatel-vins-terroir.ch\/de\/veranstaltung\/fete-des-vendanges\/#breadcrumb","itemListElement":[{"@type":"ListItem","position":1,"name":"Accueil","item":"https:\/\/neuchatel-vins-terroir.ch\/de\/home\/"},{"@type":"ListItem","position":2,"name":"Ev\u00e9nements","item":"https:\/\/neuchatel-vins-terroir.ch\/evenement\/"},{"@type":"ListItem","position":3,"name":"F\u00eate des Vendanges"}]},{"@type":"WebSite","@id":"https:\/\/neuchatel-vins-terroir.ch\/#website","url":"https:\/\/neuchatel-vins-terroir.ch\/","name":"Neuch\u00e2tel vins et terroir","description":"Neuch\u00e2tel vins et terroir","publisher":{"@id":"https:\/\/neuchatel-vins-terroir.ch\/#organization"},"potentialAction":[{"@type":"SearchAction","target":{"@type":"EntryPoint","urlTemplate":"https:\/\/neuchatel-vins-terroir.ch\/?s={search_term_string}"},"query-input":{"@type":"PropertyValueSpecification","valueRequired":true,"valueName":"search_term_string"}}],"inLanguage":"de"},{"@type":"Organization","@id":"https:\/\/neuchatel-vins-terroir.ch\/#organization","name":"Neuch\u00e2tel vins et terroir","url":"https:\/\/neuchatel-vins-terroir.ch\/","logo":{"@type":"ImageObject","inLanguage":"de","@id":"https:\/\/neuchatel-vins-terroir.ch\/#\/schema\/logo\/image\/","url":"https:\/\/neuchatel-vins-terroir.ch\/wp-content\/uploads\/2021\/11\/logo_nvt.svg","contentUrl":"https:\/\/neuchatel-vins-terroir.ch\/wp-content\/uploads\/2021\/11\/logo_nvt.svg","width":156,"height":82,"caption":"Neuch\u00e2tel vins et terroir"},"image":{"@id":"https:\/\/neuchatel-vins-terroir.ch\/#\/schema\/logo\/image\/"}}]}},"taxonomy_info":{"post_tag":[{"value":1064,"label":"Events-Partner"}]},"featured_image_src_large":false,"author_info":{"display_name":"Neuchatel Vins et Terroir NVT","author_link":"https:\/\/neuchatel-vins-terroir.ch\/de\/author\/nvt\/"},"comment_info":"","publishpress_future_action":{"enabled":false,"date":"2026-05-10 10:54:58","action":"change-status","newStatus":"draft","terms":[],"taxonomy":"post_tag","extraData":[]},"publishpress_future_workflow_manual_trigger":{"enabledWorkflows":[]},"_links":{"self":[{"href":"https:\/\/neuchatel-vins-terroir.ch\/de\/wp-json\/wp\/v2\/event\/46998","targetHints":{"allow":["GET"]}}],"collection":[{"href":"https:\/\/neuchatel-vins-terroir.ch\/de\/wp-json\/wp\/v2\/event"}],"about":[{"href":"https:\/\/neuchatel-vins-terroir.ch\/de\/wp-json\/wp\/v2\/types\/event"}],"author":[{"embeddable":true,"href":"https:\/\/neuchatel-vins-terroir.ch\/de\/wp-json\/wp\/v2\/users\/25"}],"version-history":[{"count":3,"href":"https:\/\/neuchatel-vins-terroir.ch\/de\/wp-json\/wp\/v2\/event\/46998\/revisions"}],"predecessor-version":[{"id":47001,"href":"https:\/\/neuchatel-vins-terroir.ch\/de\/wp-json\/wp\/v2\/event\/46998\/revisions\/47001"}],"wp:attachment":[{"href":"https:\/\/neuchatel-vins-terroir.ch\/de\/wp-json\/wp\/v2\/media?parent=46998"}],"wp:term":[{"taxonomy":"post_tag","embeddable":true,"href":"https:\/\/neuchatel-vins-terroir.ch\/de\/wp-json\/wp\/v2\/tags?post=46998"},{"taxonomy":"event_type","embeddable":true,"href":"https:\/\/neuchatel-vins-terroir.ch\/de\/wp-json\/wp\/v2\/event_type?post=46998"}],"curies":[{"name":"wp","href":"https:\/\/api.w.org\/{rel}","templated":true}]}}

Fête des Vendanges

<p>25. &#8211; 26. &#8211; 27. September 2026</p>

<p>Chalets in der Rue du Seyon</p>

<p>Der Schwerpunkt liegt auf den Teilnehmern der letzten Jahre.  <br/><br/>Es besteht die Möglichkeit, das Chalet mit einem anderen Weinbauern oder einem Erzeuger/Partner mit NVT-Label zu teilen. Es besteht die Möglichkeit, eine ehrenamtliche Gesellschaft mit der Betreuung des Chalets zu beauftragen. NVT übernimmt die Miete, den Auf- und Abbau aller Chalets.  <br/></p>

<p>Öffnungszeiten<br/>Freitag 16.00 &#8211; 24.00 Uhr<br/>Samstag 11.00-24.00 Uhr<br/>Sonntag 11.00-22.00 Uhr</p>

<p><br/>Preis für einen Standplatz für die Dauer des Festes: &#8230; (noch zu bestätigen) Die Stadt wird den Preis erhöhen und die FDV muss sich erneut an uns wenden.</p>

<p></p>

<!-- This site is optimized with the Yoast SEO plugin v27.5 - https://yoast.com/product/yoast-seo-wordpress/ -->
<title>Fête des Vendanges - Neuchâtel vins et terroir</title>
<meta name="robots" content="index, follow, max-snippet:-1, max-image-preview:large, max-video-preview:-1" />
<link rel="canonical" href="https://neuchatel-vins-terroir.ch/de/veranstaltung/fete-des-vendanges/" />
<meta property="og:locale" content="de_DE" />
<meta property="og:type" content="article" />
<meta property="og:title" content="Fête des Vendanges - Neuchâtel vins et terroir" />
<meta property="og:description" content="25. &#8211; 26. &#8211; 27. September 2026 Chalets in der Rue du Seyon Der Schwerpunkt liegt auf den Teilnehmern der [&hellip;]" />
<meta property="og:url" content="https://neuchatel-vins-terroir.ch/de/veranstaltung/fete-des-vendanges/" />
<meta property="og:site_name" content="Neuchâtel vins et terroir" />
<meta property="article:modified_time" content="2026-02-13T08:37:54+00:00" />
<meta name="twitter:card" content="summary_large_image" />
<meta name="twitter:label1" content="Geschätzte Lesezeit" />
	<meta name="twitter:data1" content="1 Minute" />
<script type="application/ld+json" class="yoast-schema-graph">{"@context":"https:\/\/schema.org","@graph":[{"@type":"WebPage","@id":"https:\/\/neuchatel-vins-terroir.ch\/de\/veranstaltung\/fete-des-vendanges\/","url":"https:\/\/neuchatel-vins-terroir.ch\/de\/veranstaltung\/fete-des-vendanges\/","name":"Fête des Vendanges - Neuchâtel vins et terroir","isPartOf":{"@id":"https:\/\/neuchatel-vins-terroir.ch\/#website"},"datePublished":"2026-02-13T08:36:30+00:00","dateModified":"2026-02-13T08:37:54+00:00","breadcrumb":{"@id":"https:\/\/neuchatel-vins-terroir.ch\/de\/veranstaltung\/fete-des-vendanges\/#breadcrumb"},"inLanguage":"de","potentialAction":[{"@type":"ReadAction","target":["https:\/\/neuchatel-vins-terroir.ch\/de\/veranstaltung\/fete-des-vendanges\/"]}]},{"@type":"BreadcrumbList","@id":"https:\/\/neuchatel-vins-terroir.ch\/de\/veranstaltung\/fete-des-vendanges\/#breadcrumb","itemListElement":[{"@type":"ListItem","position":1,"name":"Accueil","item":"https:\/\/neuchatel-vins-terroir.ch\/de\/home\/"},{"@type":"ListItem","position":2,"name":"Evénements","item":"https:\/\/neuchatel-vins-terroir.ch\/evenement\/"},{"@type":"ListItem","position":3,"name":"Fête des Vendanges"}]},{"@type":"WebSite","@id":"https:\/\/neuchatel-vins-terroir.ch\/#website","url":"https:\/\/neuchatel-vins-terroir.ch\/","name":"Neuchâtel vins et terroir","description":"Neuchâtel vins et terroir","publisher":{"@id":"https:\/\/neuchatel-vins-terroir.ch\/#organization"},"potentialAction":[{"@type":"SearchAction","target":{"@type":"EntryPoint","urlTemplate":"https:\/\/neuchatel-vins-terroir.ch\/?s={search_term_string}"},"query-input":{"@type":"PropertyValueSpecification","valueRequired":true,"valueName":"search_term_string"}}],"inLanguage":"de"},{"@type":"Organization","@id":"https:\/\/neuchatel-vins-terroir.ch\/#organization","name":"Neuchâtel vins et terroir","url":"https:\/\/neuchatel-vins-terroir.ch\/","logo":{"@type":"ImageObject","inLanguage":"de","@id":"https:\/\/neuchatel-vins-terroir.ch\/#\/schema\/logo\/image\/","url":"https:\/\/neuchatel-vins-terroir.ch\/wp-content\/uploads\/2021\/11\/logo_nvt.svg","contentUrl":"https:\/\/neuchatel-vins-terroir.ch\/wp-content\/uploads\/2021\/11\/logo_nvt.svg","width":156,"height":82,"caption":"Neuchâtel vins et terroir"},"image":{"@id":"https:\/\/neuchatel-vins-terroir.ch\/#\/schema\/logo\/image\/"}}]}</script>
<!-- / Yoast SEO plugin. -->

Fête des Vendanges - Neuchâtel vins et terroir

Neuchâtel vins et terroir

Evénements
