{"id":47335,"date":"2026-03-11T13:18:37","date_gmt":"2026-03-11T13:18:37","guid":{"rendered":"https:\/\/neuchatel-vins-terroir.ch\/evenement\/ar-mood-festival-festliches-treffen-in-fleurier\/"},"modified":"2026-03-11T13:22:49","modified_gmt":"2026-03-11T13:22:49","slug":"ar-mood-festival-festliches-treffen-in-fleurier","status":"publish","type":"event","link":"https:\/\/neuchatel-vins-terroir.ch\/de\/veranstaltung\/ar-mood-festival-festliches-treffen-in-fleurier\/","title":{"rendered":"AR Mood Festival: Festliches Treffen in Fleurier"},"content":{"rendered":"\n<p>Das AR Mood Festival kehrt f\u00fcr seine 5\u1d49 Ausgabe am 29., 30. und 31. Mai 2026 auf den Place de Longereuse in Fleurier zur\u00fcck. Drei Tage lang kann das Publikum eine gesellige Atmosph\u00e4re mit 17 Foodtrucks, Live-Konzerten, DJs sowie Bars und Cocktails genie\u00dfen, bei denen lokale Produkte im Vordergrund stehen. <\/p>\n\n<p>F\u00fcr Kinder wird ein Kids Park mit Workshops und H\u00fcpfburgen angeboten (CHF 5.- pro Tag, Geschenk solange der Vorrat reicht).<\/p>\n\n<p>Der Eintritt zum Festival sowie die Konzerte und Stra\u00dfenveranstaltungen sind v\u00f6llig kostenlos.<\/p>\n\n<div class=\"wp-block-buttons is-layout-flex wp-block-buttons-is-layout-flex\">\n<div class=\"wp-block-button\"><a class=\"wp-block-button__link wp-element-button\" href=\"https:\/\/moodevents.ch\/\" target=\"_blank\" rel=\"noreferrer noopener\">Weitere informationen<\/a><\/div>\n<\/div>\n\n<p><\/p>\n","protected":false},"author":25,"featured_media":0,"template":"","meta":{"_acf_changed":false,"_kad_blocks_custom_css":"","_kad_blocks_head_custom_js":"","_kad_blocks_body_custom_js":"","_kad_blocks_footer_custom_js":"","footnotes":""},"tags":[],"event_type":[468],"class_list":["post-47335","event","type-event","status-publish","hentry","event_type-manifestations-partenaires-de"],"acf":[],"yoast_head":"<!-- This site is optimized with the Yoast SEO plugin v27.5 - https:\/\/yoast.com\/product\/yoast-seo-wordpress\/ -->\n<title>AR Mood Festival: Festliches Treffen in Fleurier - Neuch\u00e2tel vins et terroir<\/title>\n<meta name=\"robots\" content=\"index, follow, max-snippet:-1, max-image-preview:large, max-video-preview:-1\" \/>\n<link rel=\"canonical\" href=\"https:\/\/neuchatel-vins-terroir.ch\/de\/veranstaltung\/ar-mood-festival-festliches-treffen-in-fleurier\/\" \/>\n<meta property=\"og:locale\" content=\"de_DE\" \/>\n<meta property=\"og:type\" content=\"article\" \/>\n<meta property=\"og:title\" content=\"AR Mood Festival: Festliches Treffen in Fleurier - Neuch\u00e2tel vins et terroir\" \/>\n<meta property=\"og:description\" content=\"Das AR Mood Festival kehrt f\u00fcr seine 5\u1d49 Ausgabe am 29., 30. und 31. Mai 2026 auf den Place de [&hellip;]\" \/>\n<meta property=\"og:url\" content=\"https:\/\/neuchatel-vins-terroir.ch\/de\/veranstaltung\/ar-mood-festival-festliches-treffen-in-fleurier\/\" \/>\n<meta property=\"og:site_name\" content=\"Neuch\u00e2tel vins et terroir\" \/>\n<meta property=\"article:modified_time\" content=\"2026-03-11T13:22:49+00:00\" \/>\n<meta name=\"twitter:card\" content=\"summary_large_image\" \/>\n<script type=\"application\/ld+json\" class=\"yoast-schema-graph\">{\"@context\":\"https:\\\/\\\/schema.org\",\"@graph\":[{\"@type\":\"WebPage\",\"@id\":\"https:\\\/\\\/neuchatel-vins-terroir.ch\\\/de\\\/veranstaltung\\\/ar-mood-festival-festliches-treffen-in-fleurier\\\/\",\"url\":\"https:\\\/\\\/neuchatel-vins-terroir.ch\\\/de\\\/veranstaltung\\\/ar-mood-festival-festliches-treffen-in-fleurier\\\/\",\"name\":\"AR Mood Festival: Festliches Treffen in Fleurier - Neuch\u00e2tel vins et terroir\",\"isPartOf\":{\"@id\":\"https:\\\/\\\/neuchatel-vins-terroir.ch\\\/#website\"},\"datePublished\":\"2026-03-11T13:18:37+00:00\",\"dateModified\":\"2026-03-11T13:22:49+00:00\",\"breadcrumb\":{\"@id\":\"https:\\\/\\\/neuchatel-vins-terroir.ch\\\/de\\\/veranstaltung\\\/ar-mood-festival-festliches-treffen-in-fleurier\\\/#breadcrumb\"},\"inLanguage\":\"de\",\"potentialAction\":[{\"@type\":\"ReadAction\",\"target\":[\"https:\\\/\\\/neuchatel-vins-terroir.ch\\\/de\\\/veranstaltung\\\/ar-mood-festival-festliches-treffen-in-fleurier\\\/\"]}]},{\"@type\":\"BreadcrumbList\",\"@id\":\"https:\\\/\\\/neuchatel-vins-terroir.ch\\\/de\\\/veranstaltung\\\/ar-mood-festival-festliches-treffen-in-fleurier\\\/#breadcrumb\",\"itemListElement\":[{\"@type\":\"ListItem\",\"position\":1,\"name\":\"Accueil\",\"item\":\"https:\\\/\\\/neuchatel-vins-terroir.ch\\\/de\\\/home\\\/\"},{\"@type\":\"ListItem\",\"position\":2,\"name\":\"Ev\u00e9nements\",\"item\":\"https:\\\/\\\/neuchatel-vins-terroir.ch\\\/evenement\\\/\"},{\"@type\":\"ListItem\",\"position\":3,\"name\":\"AR Mood Festival: Festliches Treffen in Fleurier\"}]},{\"@type\":\"WebSite\",\"@id\":\"https:\\\/\\\/neuchatel-vins-terroir.ch\\\/#website\",\"url\":\"https:\\\/\\\/neuchatel-vins-terroir.ch\\\/\",\"name\":\"Neuch\u00e2tel vins et terroir\",\"description\":\"Neuch\u00e2tel vins et terroir\",\"publisher\":{\"@id\":\"https:\\\/\\\/neuchatel-vins-terroir.ch\\\/#organization\"},\"potentialAction\":[{\"@type\":\"SearchAction\",\"target\":{\"@type\":\"EntryPoint\",\"urlTemplate\":\"https:\\\/\\\/neuchatel-vins-terroir.ch\\\/?s={search_term_string}\"},\"query-input\":{\"@type\":\"PropertyValueSpecification\",\"valueRequired\":true,\"valueName\":\"search_term_string\"}}],\"inLanguage\":\"de\"},{\"@type\":\"Organization\",\"@id\":\"https:\\\/\\\/neuchatel-vins-terroir.ch\\\/#organization\",\"name\":\"Neuch\u00e2tel vins et terroir\",\"url\":\"https:\\\/\\\/neuchatel-vins-terroir.ch\\\/\",\"logo\":{\"@type\":\"ImageObject\",\"inLanguage\":\"de\",\"@id\":\"https:\\\/\\\/neuchatel-vins-terroir.ch\\\/#\\\/schema\\\/logo\\\/image\\\/\",\"url\":\"https:\\\/\\\/neuchatel-vins-terroir.ch\\\/wp-content\\\/uploads\\\/2021\\\/11\\\/logo_nvt.svg\",\"contentUrl\":\"https:\\\/\\\/neuchatel-vins-terroir.ch\\\/wp-content\\\/uploads\\\/2021\\\/11\\\/logo_nvt.svg\",\"width\":156,\"height\":82,\"caption\":\"Neuch\u00e2tel vins et terroir\"},\"image\":{\"@id\":\"https:\\\/\\\/neuchatel-vins-terroir.ch\\\/#\\\/schema\\\/logo\\\/image\\\/\"}}]}<\/script>\n<!-- \/ Yoast SEO plugin. -->","yoast_head_json":{"title":"AR Mood Festival: Festliches Treffen in Fleurier - Neuch\u00e2tel vins et terroir","robots":{"index":"index","follow":"follow","max-snippet":"max-snippet:-1","max-image-preview":"max-image-preview:large","max-video-preview":"max-video-preview:-1"},"canonical":"https:\/\/neuchatel-vins-terroir.ch\/de\/veranstaltung\/ar-mood-festival-festliches-treffen-in-fleurier\/","og_locale":"de_DE","og_type":"article","og_title":"AR Mood Festival: Festliches Treffen in Fleurier - Neuch\u00e2tel vins et terroir","og_description":"Das AR Mood Festival kehrt f\u00fcr seine 5\u1d49 Ausgabe am 29., 30. und 31. Mai 2026 auf den Place de [&hellip;]","og_url":"https:\/\/neuchatel-vins-terroir.ch\/de\/veranstaltung\/ar-mood-festival-festliches-treffen-in-fleurier\/","og_site_name":"Neuch\u00e2tel vins et terroir","article_modified_time":"2026-03-11T13:22:49+00:00","twitter_card":"summary_large_image","schema":{"@context":"https:\/\/schema.org","@graph":[{"@type":"WebPage","@id":"https:\/\/neuchatel-vins-terroir.ch\/de\/veranstaltung\/ar-mood-festival-festliches-treffen-in-fleurier\/","url":"https:\/\/neuchatel-vins-terroir.ch\/de\/veranstaltung\/ar-mood-festival-festliches-treffen-in-fleurier\/","name":"AR Mood Festival: Festliches Treffen in Fleurier - Neuch\u00e2tel vins et terroir","isPartOf":{"@id":"https:\/\/neuchatel-vins-terroir.ch\/#website"},"datePublished":"2026-03-11T13:18:37+00:00","dateModified":"2026-03-11T13:22:49+00:00","breadcrumb":{"@id":"https:\/\/neuchatel-vins-terroir.ch\/de\/veranstaltung\/ar-mood-festival-festliches-treffen-in-fleurier\/#breadcrumb"},"inLanguage":"de","potentialAction":[{"@type":"ReadAction","target":["https:\/\/neuchatel-vins-terroir.ch\/de\/veranstaltung\/ar-mood-festival-festliches-treffen-in-fleurier\/"]}]},{"@type":"BreadcrumbList","@id":"https:\/\/neuchatel-vins-terroir.ch\/de\/veranstaltung\/ar-mood-festival-festliches-treffen-in-fleurier\/#breadcrumb","itemListElement":[{"@type":"ListItem","position":1,"name":"Accueil","item":"https:\/\/neuchatel-vins-terroir.ch\/de\/home\/"},{"@type":"ListItem","position":2,"name":"Ev\u00e9nements","item":"https:\/\/neuchatel-vins-terroir.ch\/evenement\/"},{"@type":"ListItem","position":3,"name":"AR Mood Festival: Festliches Treffen in Fleurier"}]},{"@type":"WebSite","@id":"https:\/\/neuchatel-vins-terroir.ch\/#website","url":"https:\/\/neuchatel-vins-terroir.ch\/","name":"Neuch\u00e2tel vins et terroir","description":"Neuch\u00e2tel vins et terroir","publisher":{"@id":"https:\/\/neuchatel-vins-terroir.ch\/#organization"},"potentialAction":[{"@type":"SearchAction","target":{"@type":"EntryPoint","urlTemplate":"https:\/\/neuchatel-vins-terroir.ch\/?s={search_term_string}"},"query-input":{"@type":"PropertyValueSpecification","valueRequired":true,"valueName":"search_term_string"}}],"inLanguage":"de"},{"@type":"Organization","@id":"https:\/\/neuchatel-vins-terroir.ch\/#organization","name":"Neuch\u00e2tel vins et terroir","url":"https:\/\/neuchatel-vins-terroir.ch\/","logo":{"@type":"ImageObject","inLanguage":"de","@id":"https:\/\/neuchatel-vins-terroir.ch\/#\/schema\/logo\/image\/","url":"https:\/\/neuchatel-vins-terroir.ch\/wp-content\/uploads\/2021\/11\/logo_nvt.svg","contentUrl":"https:\/\/neuchatel-vins-terroir.ch\/wp-content\/uploads\/2021\/11\/logo_nvt.svg","width":156,"height":82,"caption":"Neuch\u00e2tel vins et terroir"},"image":{"@id":"https:\/\/neuchatel-vins-terroir.ch\/#\/schema\/logo\/image\/"}}]}},"taxonomy_info":{"event_type":[{"value":468,"label":"Partnerveranstaltungen"}]},"featured_image_src_large":false,"author_info":{"display_name":"Neuchatel Vins et Terroir NVT","author_link":"https:\/\/neuchatel-vins-terroir.ch\/de\/author\/nvt\/"},"comment_info":"","publishpress_future_action":{"enabled":true,"date":"2026-06-01 03:22:00","action":"change-status","newStatus":"draft","terms":[],"taxonomy":"post_tag","extraData":[]},"publishpress_future_workflow_manual_trigger":{"enabledWorkflows":[]},"_links":{"self":[{"href":"https:\/\/neuchatel-vins-terroir.ch\/de\/wp-json\/wp\/v2\/event\/47335","targetHints":{"allow":["GET"]}}],"collection":[{"href":"https:\/\/neuchatel-vins-terroir.ch\/de\/wp-json\/wp\/v2\/event"}],"about":[{"href":"https:\/\/neuchatel-vins-terroir.ch\/de\/wp-json\/wp\/v2\/types\/event"}],"author":[{"embeddable":true,"href":"https:\/\/neuchatel-vins-terroir.ch\/de\/wp-json\/wp\/v2\/users\/25"}],"version-history":[{"count":1,"href":"https:\/\/neuchatel-vins-terroir.ch\/de\/wp-json\/wp\/v2\/event\/47335\/revisions"}],"predecessor-version":[{"id":47338,"href":"https:\/\/neuchatel-vins-terroir.ch\/de\/wp-json\/wp\/v2\/event\/47335\/revisions\/47338"}],"wp:attachment":[{"href":"https:\/\/neuchatel-vins-terroir.ch\/de\/wp-json\/wp\/v2\/media?parent=47335"}],"wp:term":[{"taxonomy":"post_tag","embeddable":true,"href":"https:\/\/neuchatel-vins-terroir.ch\/de\/wp-json\/wp\/v2\/tags?post=47335"},{"taxonomy":"event_type","embeddable":true,"href":"https:\/\/neuchatel-vins-terroir.ch\/de\/wp-json\/wp\/v2\/event_type?post=47335"}],"curies":[{"name":"wp","href":"https:\/\/api.w.org\/{rel}","templated":true}]}}

<p>Das AR Mood Festival kehrt für seine 5ᵉ Ausgabe am 29., 30. und 31. Mai 2026 auf den Place de Longereuse in Fleurier zurück. Drei Tage lang kann das Publikum eine gesellige Atmosphäre mit 17 Foodtrucks, Live-Konzerten, DJs sowie Bars und Cocktails genießen, bei denen lokale Produkte im Vordergrund stehen. </p>

<p>Für Kinder wird ein Kids Park mit Workshops und Hüpfburgen angeboten (CHF 5.- pro Tag, Geschenk solange der Vorrat reicht).</p>

<p>Der Eintritt zum Festival sowie die Konzerte und Straßenveranstaltungen sind völlig kostenlos.</p>

<div class="wp-block-buttons is-layout-flex wp-block-buttons-is-layout-flex">
<div class="wp-block-button"><a class="wp-block-button__link wp-element-button" href="https://moodevents.ch/" target="_blank" rel="noreferrer noopener">Weitere informationen</a></div>
</div>

<p></p>

<!-- This site is optimized with the Yoast SEO plugin v27.5 - https://yoast.com/product/yoast-seo-wordpress/ -->
<title>AR Mood Festival: Festliches Treffen in Fleurier - Neuchâtel vins et terroir</title>
<meta name="robots" content="index, follow, max-snippet:-1, max-image-preview:large, max-video-preview:-1" />
<link rel="canonical" href="https://neuchatel-vins-terroir.ch/de/veranstaltung/ar-mood-festival-festliches-treffen-in-fleurier/" />
<meta property="og:locale" content="de_DE" />
<meta property="og:type" content="article" />
<meta property="og:title" content="AR Mood Festival: Festliches Treffen in Fleurier - Neuchâtel vins et terroir" />
<meta property="og:description" content="Das AR Mood Festival kehrt für seine 5ᵉ Ausgabe am 29., 30. und 31. Mai 2026 auf den Place de [&hellip;]" />
<meta property="og:url" content="https://neuchatel-vins-terroir.ch/de/veranstaltung/ar-mood-festival-festliches-treffen-in-fleurier/" />
<meta property="og:site_name" content="Neuchâtel vins et terroir" />
<meta property="article:modified_time" content="2026-03-11T13:22:49+00:00" />
<meta name="twitter:card" content="summary_large_image" />
<script type="application/ld+json" class="yoast-schema-graph">{"@context":"https:\/\/schema.org","@graph":[{"@type":"WebPage","@id":"https:\/\/neuchatel-vins-terroir.ch\/de\/veranstaltung\/ar-mood-festival-festliches-treffen-in-fleurier\/","url":"https:\/\/neuchatel-vins-terroir.ch\/de\/veranstaltung\/ar-mood-festival-festliches-treffen-in-fleurier\/","name":"AR Mood Festival: Festliches Treffen in Fleurier - Neuchâtel vins et terroir","isPartOf":{"@id":"https:\/\/neuchatel-vins-terroir.ch\/#website"},"datePublished":"2026-03-11T13:18:37+00:00","dateModified":"2026-03-11T13:22:49+00:00","breadcrumb":{"@id":"https:\/\/neuchatel-vins-terroir.ch\/de\/veranstaltung\/ar-mood-festival-festliches-treffen-in-fleurier\/#breadcrumb"},"inLanguage":"de","potentialAction":[{"@type":"ReadAction","target":["https:\/\/neuchatel-vins-terroir.ch\/de\/veranstaltung\/ar-mood-festival-festliches-treffen-in-fleurier\/"]}]},{"@type":"BreadcrumbList","@id":"https:\/\/neuchatel-vins-terroir.ch\/de\/veranstaltung\/ar-mood-festival-festliches-treffen-in-fleurier\/#breadcrumb","itemListElement":[{"@type":"ListItem","position":1,"name":"Accueil","item":"https:\/\/neuchatel-vins-terroir.ch\/de\/home\/"},{"@type":"ListItem","position":2,"name":"Evénements","item":"https:\/\/neuchatel-vins-terroir.ch\/evenement\/"},{"@type":"ListItem","position":3,"name":"AR Mood Festival: Festliches Treffen in Fleurier"}]},{"@type":"WebSite","@id":"https:\/\/neuchatel-vins-terroir.ch\/#website","url":"https:\/\/neuchatel-vins-terroir.ch\/","name":"Neuchâtel vins et terroir","description":"Neuchâtel vins et terroir","publisher":{"@id":"https:\/\/neuchatel-vins-terroir.ch\/#organization"},"potentialAction":[{"@type":"SearchAction","target":{"@type":"EntryPoint","urlTemplate":"https:\/\/neuchatel-vins-terroir.ch\/?s={search_term_string}"},"query-input":{"@type":"PropertyValueSpecification","valueRequired":true,"valueName":"search_term_string"}}],"inLanguage":"de"},{"@type":"Organization","@id":"https:\/\/neuchatel-vins-terroir.ch\/#organization","name":"Neuchâtel vins et terroir","url":"https:\/\/neuchatel-vins-terroir.ch\/","logo":{"@type":"ImageObject","inLanguage":"de","@id":"https:\/\/neuchatel-vins-terroir.ch\/#\/schema\/logo\/image\/","url":"https:\/\/neuchatel-vins-terroir.ch\/wp-content\/uploads\/2021\/11\/logo_nvt.svg","contentUrl":"https:\/\/neuchatel-vins-terroir.ch\/wp-content\/uploads\/2021\/11\/logo_nvt.svg","width":156,"height":82,"caption":"Neuchâtel vins et terroir"},"image":{"@id":"https:\/\/neuchatel-vins-terroir.ch\/#\/schema\/logo\/image\/"}}]}</script>
<!-- / Yoast SEO plugin. -->

AR Mood Festival: Festliches Treffen in Fleurier - Neuchâtel vins et terroir

Das AR Mood Festival kehrt für seine 5ᵉ Ausgabe am 29., 30. und 31. Mai 2026 auf den Place de [&hellip;]

Neuchâtel vins et terroir

Evénements
