{"id":30871,"date":"2022-10-06T14:59:05","date_gmt":"2022-10-06T14:59:05","guid":{"rendered":"https:\/\/neuchatel-vins-terroir.ch\/partenaire\/le-silex\/"},"modified":"2024-05-03T11:00:18","modified_gmt":"2024-05-03T11:00:18","slug":"le-silex","status":"publish","type":"producer","link":"https:\/\/neuchatel-vins-terroir.ch\/de\/produzent\/le-silex\/","title":{"rendered":"Le Silex"},"content":{"rendered":"<p>Das Restaurant wird seit dem Jahr 2000 von Florence Veloso und Fran\u00e7oise Pressl-Wenger geleitet. Dank seines kompetenten, professionellen und energiegeladenen Teams ist das Restaurant Jahr f\u00fcr Jahr gewachsen und hat sich weiterentwickelt, um Ihnen mehr Gaumenfreuden, mehr Komfort und mehr &#8222;Silex&#8220; zu bieten! Der atemberaubende Blick auf den See kann im Sommer wie im Winter genossen werden, indem man erfrischende Teller auf der Terrasse entdeckt oder einen Gourmetmoment verbringt, w\u00e4hrend man sich im Warmen mit Blick auf den See hinter den gro\u00dfen Glasfenstern niederl\u00e4sst. Nehmen Sie Platz in einer ruhigen Umgebung, weit weg vom L\u00e4rm der Stadt, in einer Atmosph\u00e4re, die an Urlaub erinnert!<\/p>\n","protected":false},"featured_media":2676,"template":"","meta":{"_acf_changed":false,"_kad_blocks_custom_css":"","_kad_blocks_head_custom_js":"","_kad_blocks_body_custom_js":"","_kad_blocks_footer_custom_js":"","footnotes":""},"region":[261,505],"label":[],"partner_type":[620,473],"class_list":["post-30871","producer","type-producer","status-publish","has-post-thumbnail","hentry","region-neuchatel","region-neuchatel-de","partner_type-partenaire-de","partner_type-restaurant-de"],"acf":[],"yoast_head":"<!-- This site is optimized with the Yoast SEO plugin v27.5 - https:\/\/yoast.com\/product\/yoast-seo-wordpress\/ -->\n<title>Le Silex - Neuch\u00e2tel vins et terroir<\/title>\n<meta name=\"robots\" content=\"index, follow, max-snippet:-1, max-image-preview:large, max-video-preview:-1\" \/>\n<link rel=\"canonical\" href=\"https:\/\/neuchatel-vins-terroir.ch\/de\/partenaire\/le-silex\/\" \/>\n<meta property=\"og:locale\" content=\"de_DE\" \/>\n<meta property=\"og:type\" content=\"article\" \/>\n<meta property=\"og:title\" content=\"Le Silex - Neuch\u00e2tel vins et terroir\" \/>\n<meta property=\"og:description\" content=\"Das Restaurant wird seit dem Jahr 2000 von Florence Veloso und Fran\u00e7oise Pressl-Wenger geleitet. Dank seines kompetenten, professionellen und energiegeladenen [&hellip;]\" \/>\n<meta property=\"og:url\" content=\"https:\/\/neuchatel-vins-terroir.ch\/de\/partenaire\/le-silex\/\" \/>\n<meta property=\"og:site_name\" content=\"Neuch\u00e2tel vins et terroir\" \/>\n<meta property=\"article:modified_time\" content=\"2024-05-03T11:00:18+00:00\" \/>\n<meta property=\"og:image\" content=\"https:\/\/neuchatel-vins-terroir.ch\/wp-content\/uploads\/2021\/12\/Silex-1.png\" \/>\n\t<meta property=\"og:image:width\" content=\"1181\" \/>\n\t<meta property=\"og:image:height\" content=\"1181\" \/>\n\t<meta property=\"og:image:type\" content=\"image\/png\" \/>\n<meta name=\"twitter:card\" content=\"summary_large_image\" \/>\n<meta name=\"twitter:label1\" content=\"Gesch\u00e4tzte Lesezeit\" \/>\n\t<meta name=\"twitter:data1\" content=\"1\u00a0Minute\" \/>\n<script type=\"application\/ld+json\" class=\"yoast-schema-graph\">{\"@context\":\"https:\\\/\\\/schema.org\",\"@graph\":[{\"@type\":\"WebPage\",\"@id\":\"https:\\\/\\\/neuchatel-vins-terroir.ch\\\/de\\\/partenaire\\\/le-silex\\\/\",\"url\":\"https:\\\/\\\/neuchatel-vins-terroir.ch\\\/de\\\/partenaire\\\/le-silex\\\/\",\"name\":\"Le Silex - Neuch\u00e2tel vins et terroir\",\"isPartOf\":{\"@id\":\"https:\\\/\\\/neuchatel-vins-terroir.ch\\\/#website\"},\"primaryImageOfPage\":{\"@id\":\"https:\\\/\\\/neuchatel-vins-terroir.ch\\\/de\\\/partenaire\\\/le-silex\\\/#primaryimage\"},\"image\":{\"@id\":\"https:\\\/\\\/neuchatel-vins-terroir.ch\\\/de\\\/partenaire\\\/le-silex\\\/#primaryimage\"},\"thumbnailUrl\":\"https:\\\/\\\/neuchatel-vins-terroir.ch\\\/wp-content\\\/uploads\\\/2021\\\/12\\\/Silex-1.png\",\"datePublished\":\"2022-10-06T14:59:05+00:00\",\"dateModified\":\"2024-05-03T11:00:18+00:00\",\"breadcrumb\":{\"@id\":\"https:\\\/\\\/neuchatel-vins-terroir.ch\\\/de\\\/partenaire\\\/le-silex\\\/#breadcrumb\"},\"inLanguage\":\"de\",\"potentialAction\":[{\"@type\":\"ReadAction\",\"target\":[\"https:\\\/\\\/neuchatel-vins-terroir.ch\\\/de\\\/partenaire\\\/le-silex\\\/\"]}]},{\"@type\":\"ImageObject\",\"inLanguage\":\"de\",\"@id\":\"https:\\\/\\\/neuchatel-vins-terroir.ch\\\/de\\\/partenaire\\\/le-silex\\\/#primaryimage\",\"url\":\"https:\\\/\\\/neuchatel-vins-terroir.ch\\\/wp-content\\\/uploads\\\/2021\\\/12\\\/Silex-1.png\",\"contentUrl\":\"https:\\\/\\\/neuchatel-vins-terroir.ch\\\/wp-content\\\/uploads\\\/2021\\\/12\\\/Silex-1.png\",\"width\":1181,\"height\":1181},{\"@type\":\"BreadcrumbList\",\"@id\":\"https:\\\/\\\/neuchatel-vins-terroir.ch\\\/de\\\/partenaire\\\/le-silex\\\/#breadcrumb\",\"itemListElement\":[{\"@type\":\"ListItem\",\"position\":1,\"name\":\"Accueil\",\"item\":\"https:\\\/\\\/neuchatel-vins-terroir.ch\\\/de\\\/home\\\/\"},{\"@type\":\"ListItem\",\"position\":2,\"name\":\"Producteurs\",\"item\":\"https:\\\/\\\/neuchatel-vins-terroir.ch\\\/partenaires\\\/\"},{\"@type\":\"ListItem\",\"position\":3,\"name\":\"Le Silex\"}]},{\"@type\":\"WebSite\",\"@id\":\"https:\\\/\\\/neuchatel-vins-terroir.ch\\\/#website\",\"url\":\"https:\\\/\\\/neuchatel-vins-terroir.ch\\\/\",\"name\":\"Neuch\u00e2tel vins et terroir\",\"description\":\"Neuch\u00e2tel vins et terroir\",\"publisher\":{\"@id\":\"https:\\\/\\\/neuchatel-vins-terroir.ch\\\/#organization\"},\"potentialAction\":[{\"@type\":\"SearchAction\",\"target\":{\"@type\":\"EntryPoint\",\"urlTemplate\":\"https:\\\/\\\/neuchatel-vins-terroir.ch\\\/?s={search_term_string}\"},\"query-input\":{\"@type\":\"PropertyValueSpecification\",\"valueRequired\":true,\"valueName\":\"search_term_string\"}}],\"inLanguage\":\"de\"},{\"@type\":\"Organization\",\"@id\":\"https:\\\/\\\/neuchatel-vins-terroir.ch\\\/#organization\",\"name\":\"Neuch\u00e2tel vins et terroir\",\"url\":\"https:\\\/\\\/neuchatel-vins-terroir.ch\\\/\",\"logo\":{\"@type\":\"ImageObject\",\"inLanguage\":\"de\",\"@id\":\"https:\\\/\\\/neuchatel-vins-terroir.ch\\\/#\\\/schema\\\/logo\\\/image\\\/\",\"url\":\"https:\\\/\\\/neuchatel-vins-terroir.ch\\\/wp-content\\\/uploads\\\/2021\\\/11\\\/logo_nvt.svg\",\"contentUrl\":\"https:\\\/\\\/neuchatel-vins-terroir.ch\\\/wp-content\\\/uploads\\\/2021\\\/11\\\/logo_nvt.svg\",\"width\":156,\"height\":82,\"caption\":\"Neuch\u00e2tel vins et terroir\"},\"image\":{\"@id\":\"https:\\\/\\\/neuchatel-vins-terroir.ch\\\/#\\\/schema\\\/logo\\\/image\\\/\"}}]}<\/script>\n<!-- \/ Yoast SEO plugin. -->","yoast_head_json":{"title":"Le Silex - Neuch\u00e2tel vins et terroir","robots":{"index":"index","follow":"follow","max-snippet":"max-snippet:-1","max-image-preview":"max-image-preview:large","max-video-preview":"max-video-preview:-1"},"canonical":"https:\/\/neuchatel-vins-terroir.ch\/de\/partenaire\/le-silex\/","og_locale":"de_DE","og_type":"article","og_title":"Le Silex - Neuch\u00e2tel vins et terroir","og_description":"Das Restaurant wird seit dem Jahr 2000 von Florence Veloso und Fran\u00e7oise Pressl-Wenger geleitet. Dank seines kompetenten, professionellen und energiegeladenen [&hellip;]","og_url":"https:\/\/neuchatel-vins-terroir.ch\/de\/partenaire\/le-silex\/","og_site_name":"Neuch\u00e2tel vins et terroir","article_modified_time":"2024-05-03T11:00:18+00:00","og_image":[{"width":1181,"height":1181,"url":"https:\/\/neuchatel-vins-terroir.ch\/wp-content\/uploads\/2021\/12\/Silex-1.png","type":"image\/png"}],"twitter_card":"summary_large_image","twitter_misc":{"Gesch\u00e4tzte Lesezeit":"1\u00a0Minute"},"schema":{"@context":"https:\/\/schema.org","@graph":[{"@type":"WebPage","@id":"https:\/\/neuchatel-vins-terroir.ch\/de\/partenaire\/le-silex\/","url":"https:\/\/neuchatel-vins-terroir.ch\/de\/partenaire\/le-silex\/","name":"Le Silex - Neuch\u00e2tel vins et terroir","isPartOf":{"@id":"https:\/\/neuchatel-vins-terroir.ch\/#website"},"primaryImageOfPage":{"@id":"https:\/\/neuchatel-vins-terroir.ch\/de\/partenaire\/le-silex\/#primaryimage"},"image":{"@id":"https:\/\/neuchatel-vins-terroir.ch\/de\/partenaire\/le-silex\/#primaryimage"},"thumbnailUrl":"https:\/\/neuchatel-vins-terroir.ch\/wp-content\/uploads\/2021\/12\/Silex-1.png","datePublished":"2022-10-06T14:59:05+00:00","dateModified":"2024-05-03T11:00:18+00:00","breadcrumb":{"@id":"https:\/\/neuchatel-vins-terroir.ch\/de\/partenaire\/le-silex\/#breadcrumb"},"inLanguage":"de","potentialAction":[{"@type":"ReadAction","target":["https:\/\/neuchatel-vins-terroir.ch\/de\/partenaire\/le-silex\/"]}]},{"@type":"ImageObject","inLanguage":"de","@id":"https:\/\/neuchatel-vins-terroir.ch\/de\/partenaire\/le-silex\/#primaryimage","url":"https:\/\/neuchatel-vins-terroir.ch\/wp-content\/uploads\/2021\/12\/Silex-1.png","contentUrl":"https:\/\/neuchatel-vins-terroir.ch\/wp-content\/uploads\/2021\/12\/Silex-1.png","width":1181,"height":1181},{"@type":"BreadcrumbList","@id":"https:\/\/neuchatel-vins-terroir.ch\/de\/partenaire\/le-silex\/#breadcrumb","itemListElement":[{"@type":"ListItem","position":1,"name":"Accueil","item":"https:\/\/neuchatel-vins-terroir.ch\/de\/home\/"},{"@type":"ListItem","position":2,"name":"Producteurs","item":"https:\/\/neuchatel-vins-terroir.ch\/partenaires\/"},{"@type":"ListItem","position":3,"name":"Le Silex"}]},{"@type":"WebSite","@id":"https:\/\/neuchatel-vins-terroir.ch\/#website","url":"https:\/\/neuchatel-vins-terroir.ch\/","name":"Neuch\u00e2tel vins et terroir","description":"Neuch\u00e2tel vins et terroir","publisher":{"@id":"https:\/\/neuchatel-vins-terroir.ch\/#organization"},"potentialAction":[{"@type":"SearchAction","target":{"@type":"EntryPoint","urlTemplate":"https:\/\/neuchatel-vins-terroir.ch\/?s={search_term_string}"},"query-input":{"@type":"PropertyValueSpecification","valueRequired":true,"valueName":"search_term_string"}}],"inLanguage":"de"},{"@type":"Organization","@id":"https:\/\/neuchatel-vins-terroir.ch\/#organization","name":"Neuch\u00e2tel vins et terroir","url":"https:\/\/neuchatel-vins-terroir.ch\/","logo":{"@type":"ImageObject","inLanguage":"de","@id":"https:\/\/neuchatel-vins-terroir.ch\/#\/schema\/logo\/image\/","url":"https:\/\/neuchatel-vins-terroir.ch\/wp-content\/uploads\/2021\/11\/logo_nvt.svg","contentUrl":"https:\/\/neuchatel-vins-terroir.ch\/wp-content\/uploads\/2021\/11\/logo_nvt.svg","width":156,"height":82,"caption":"Neuch\u00e2tel vins et terroir"},"image":{"@id":"https:\/\/neuchatel-vins-terroir.ch\/#\/schema\/logo\/image\/"}}]}},"taxonomy_info":{"region":[{"value":261,"label":"Neuch\u00e2tel"},{"value":505,"label":"Neuch\u00e2tel"}],"partner_type":[{"value":620,"label":"Lokale Partner"},{"value":473,"label":"Restaurant"}]},"featured_image_src_large":["https:\/\/neuchatel-vins-terroir.ch\/wp-content\/uploads\/2021\/12\/Silex-1-1024x1024.png",1024,1024,true],"author_info":[],"comment_info":"","publishpress_future_workflow_manual_trigger":{"enabledWorkflows":[]},"_links":{"self":[{"href":"https:\/\/neuchatel-vins-terroir.ch\/de\/wp-json\/wp\/v2\/producer\/30871","targetHints":{"allow":["GET"]}}],"collection":[{"href":"https:\/\/neuchatel-vins-terroir.ch\/de\/wp-json\/wp\/v2\/producer"}],"about":[{"href":"https:\/\/neuchatel-vins-terroir.ch\/de\/wp-json\/wp\/v2\/types\/producer"}],"version-history":[{"count":1,"href":"https:\/\/neuchatel-vins-terroir.ch\/de\/wp-json\/wp\/v2\/producer\/30871\/revisions"}],"predecessor-version":[{"id":38353,"href":"https:\/\/neuchatel-vins-terroir.ch\/de\/wp-json\/wp\/v2\/producer\/30871\/revisions\/38353"}],"wp:featuredmedia":[{"embeddable":true,"href":"https:\/\/neuchatel-vins-terroir.ch\/de\/wp-json\/wp\/v2\/media\/2676"}],"wp:attachment":[{"href":"https:\/\/neuchatel-vins-terroir.ch\/de\/wp-json\/wp\/v2\/media?parent=30871"}],"wp:term":[{"taxonomy":"region","embeddable":true,"href":"https:\/\/neuchatel-vins-terroir.ch\/de\/wp-json\/wp\/v2\/region?post=30871"},{"taxonomy":"label","embeddable":true,"href":"https:\/\/neuchatel-vins-terroir.ch\/de\/wp-json\/wp\/v2\/label?post=30871"},{"taxonomy":"partner_type","embeddable":true,"href":"https:\/\/neuchatel-vins-terroir.ch\/de\/wp-json\/wp\/v2\/partner_type?post=30871"}],"curies":[{"name":"wp","href":"https:\/\/api.w.org\/{rel}","templated":true}]}}

<p>Das Restaurant wird seit dem Jahr 2000 von Florence Veloso und Françoise Pressl-Wenger geleitet. Dank seines kompetenten, professionellen und energiegeladenen Teams ist das Restaurant Jahr für Jahr gewachsen und hat sich weiterentwickelt, um Ihnen mehr Gaumenfreuden, mehr Komfort und mehr &#8222;Silex&#8220; zu bieten! Der atemberaubende Blick auf den See kann im Sommer wie im Winter genossen werden, indem man erfrischende Teller auf der Terrasse entdeckt oder einen Gourmetmoment verbringt, während man sich im Warmen mit Blick auf den See hinter den großen Glasfenstern niederlässt. Nehmen Sie Platz in einer ruhigen Umgebung, weit weg vom Lärm der Stadt, in einer Atmosphäre, die an Urlaub erinnert!</p>

<!-- This site is optimized with the Yoast SEO plugin v27.5 - https://yoast.com/product/yoast-seo-wordpress/ -->
<title>Le Silex - Neuchâtel vins et terroir</title>
<meta name="robots" content="index, follow, max-snippet:-1, max-image-preview:large, max-video-preview:-1" />
<link rel="canonical" href="https://neuchatel-vins-terroir.ch/de/partenaire/le-silex/" />
<meta property="og:locale" content="de_DE" />
<meta property="og:type" content="article" />
<meta property="og:title" content="Le Silex - Neuchâtel vins et terroir" />
<meta property="og:description" content="Das Restaurant wird seit dem Jahr 2000 von Florence Veloso und Françoise Pressl-Wenger geleitet. Dank seines kompetenten, professionellen und energiegeladenen [&hellip;]" />
<meta property="og:url" content="https://neuchatel-vins-terroir.ch/de/partenaire/le-silex/" />
<meta property="og:site_name" content="Neuchâtel vins et terroir" />
<meta property="article:modified_time" content="2024-05-03T11:00:18+00:00" />
<meta property="og:image" content="https://neuchatel-vins-terroir.ch/wp-content/uploads/2021/12/Silex-1.png" />
	<meta property="og:image:width" content="1181" />
	<meta property="og:image:height" content="1181" />
	<meta property="og:image:type" content="image/png" />
<meta name="twitter:card" content="summary_large_image" />
<meta name="twitter:label1" content="Geschätzte Lesezeit" />
	<meta name="twitter:data1" content="1 Minute" />
<script type="application/ld+json" class="yoast-schema-graph">{"@context":"https:\/\/schema.org","@graph":[{"@type":"WebPage","@id":"https:\/\/neuchatel-vins-terroir.ch\/de\/partenaire\/le-silex\/","url":"https:\/\/neuchatel-vins-terroir.ch\/de\/partenaire\/le-silex\/","name":"Le Silex - Neuchâtel vins et terroir","isPartOf":{"@id":"https:\/\/neuchatel-vins-terroir.ch\/#website"},"primaryImageOfPage":{"@id":"https:\/\/neuchatel-vins-terroir.ch\/de\/partenaire\/le-silex\/#primaryimage"},"image":{"@id":"https:\/\/neuchatel-vins-terroir.ch\/de\/partenaire\/le-silex\/#primaryimage"},"thumbnailUrl":"https:\/\/neuchatel-vins-terroir.ch\/wp-content\/uploads\/2021\/12\/Silex-1.png","datePublished":"2022-10-06T14:59:05+00:00","dateModified":"2024-05-03T11:00:18+00:00","breadcrumb":{"@id":"https:\/\/neuchatel-vins-terroir.ch\/de\/partenaire\/le-silex\/#breadcrumb"},"inLanguage":"de","potentialAction":[{"@type":"ReadAction","target":["https:\/\/neuchatel-vins-terroir.ch\/de\/partenaire\/le-silex\/"]}]},{"@type":"ImageObject","inLanguage":"de","@id":"https:\/\/neuchatel-vins-terroir.ch\/de\/partenaire\/le-silex\/#primaryimage","url":"https:\/\/neuchatel-vins-terroir.ch\/wp-content\/uploads\/2021\/12\/Silex-1.png","contentUrl":"https:\/\/neuchatel-vins-terroir.ch\/wp-content\/uploads\/2021\/12\/Silex-1.png","width":1181,"height":1181},{"@type":"BreadcrumbList","@id":"https:\/\/neuchatel-vins-terroir.ch\/de\/partenaire\/le-silex\/#breadcrumb","itemListElement":[{"@type":"ListItem","position":1,"name":"Accueil","item":"https:\/\/neuchatel-vins-terroir.ch\/de\/home\/"},{"@type":"ListItem","position":2,"name":"Producteurs","item":"https:\/\/neuchatel-vins-terroir.ch\/partenaires\/"},{"@type":"ListItem","position":3,"name":"Le Silex"}]},{"@type":"WebSite","@id":"https:\/\/neuchatel-vins-terroir.ch\/#website","url":"https:\/\/neuchatel-vins-terroir.ch\/","name":"Neuchâtel vins et terroir","description":"Neuchâtel vins et terroir","publisher":{"@id":"https:\/\/neuchatel-vins-terroir.ch\/#organization"},"potentialAction":[{"@type":"SearchAction","target":{"@type":"EntryPoint","urlTemplate":"https:\/\/neuchatel-vins-terroir.ch\/?s={search_term_string}"},"query-input":{"@type":"PropertyValueSpecification","valueRequired":true,"valueName":"search_term_string"}}],"inLanguage":"de"},{"@type":"Organization","@id":"https:\/\/neuchatel-vins-terroir.ch\/#organization","name":"Neuchâtel vins et terroir","url":"https:\/\/neuchatel-vins-terroir.ch\/","logo":{"@type":"ImageObject","inLanguage":"de","@id":"https:\/\/neuchatel-vins-terroir.ch\/#\/schema\/logo\/image\/","url":"https:\/\/neuchatel-vins-terroir.ch\/wp-content\/uploads\/2021\/11\/logo_nvt.svg","contentUrl":"https:\/\/neuchatel-vins-terroir.ch\/wp-content\/uploads\/2021\/11\/logo_nvt.svg","width":156,"height":82,"caption":"Neuchâtel vins et terroir"},"image":{"@id":"https:\/\/neuchatel-vins-terroir.ch\/#\/schema\/logo\/image\/"}}]}</script>
<!-- / Yoast SEO plugin. -->

Le Silex - Neuchâtel vins et terroir

Das Restaurant wird seit dem Jahr 2000 von Florence Veloso und Françoise Pressl-Wenger geleitet. Dank seines kompetenten, professionellen und energiegeladenen [&hellip;]

Neuchâtel vins et terroir

Neuchâtel
