{"id":30873,"date":"2022-10-06T14:59:05","date_gmt":"2022-10-06T14:59:05","guid":{"rendered":"https:\/\/neuchatel-vins-terroir.ch\/partenaire\/maison-de-labsinthe\/"},"modified":"2024-05-23T11:01:11","modified_gmt":"2024-05-23T11:01:11","slug":"maison-de-labsinthe","status":"publish","type":"producer","link":"https:\/\/neuchatel-vins-terroir.ch\/de\/produzent\/maison-de-labsinthe\/","title":{"rendered":"Maison de l&#8217;Absinthe"},"content":{"rendered":"<p>Die Wiege des Absinths liegt im Herzen des Val-de-Travers. Hier ergriff die ber\u00fchmte gr\u00fcne Fee die Flucht, \u00fcberlebte ein Jahrhundert der Prohibition und heute destillieren nicht weniger als drei\u00dfig Hersteller das ber\u00fchmte Elixier und f\u00fcnf Landwirte bauen 5 Heilpflanzen f\u00fcr das Absinthrezept an.Das Maison de l&#8217;Absinthe ist ein attraktives, modernes Interpretationszentrum, das Kultur, Wirtschaft und Tourismus auf innovative Weise verbindet. Es bewahrt das Erbe, pr\u00e4sentiert das Produkt und erschlie\u00dft neue Absatzm\u00e4rkte. Das Haus ist dem Absinth gewidmet, seiner Geschichte, der mythischen Zeit im Untergrund und seiner j\u00fcngsten Entwicklung. Es ist aber auch ein Ort, an dem die Zukunft aufgebaut wird, an dem die Industrie gef\u00f6rdert wird und an dem der Tourismus und die kulinarischen Gen\u00fcsse entwickelt werden. Zwischen Vergangenheit und Zukunft, zwischen Licht und Schatten, zwischen Mythos und Realit\u00e4t werden die Besucher die tiefen und authentischen Verbindungen zwischen der Pflanze, dem Getr\u00e4nk, dem Land und der regionalen Identit\u00e4t entdecken.<\/p>\n","protected":false},"featured_media":2652,"template":"","meta":{"_acf_changed":false,"_kad_blocks_custom_css":"","_kad_blocks_head_custom_js":"","_kad_blocks_body_custom_js":"","_kad_blocks_footer_custom_js":"","footnotes":""},"region":[],"label":[],"partner_type":[],"class_list":["post-30873","producer","type-producer","status-publish","has-post-thumbnail","hentry"],"acf":[],"yoast_head":"<!-- This site is optimized with the Yoast SEO plugin v27.5 - https:\/\/yoast.com\/product\/yoast-seo-wordpress\/ -->\n<title>Maison de l&#039;Absinthe - Neuch\u00e2tel vins et terroir<\/title>\n<meta name=\"robots\" content=\"index, follow, max-snippet:-1, max-image-preview:large, max-video-preview:-1\" \/>\n<link rel=\"canonical\" href=\"https:\/\/neuchatel-vins-terroir.ch\/de\/partenaire\/maison-de-labsinthe\/\" \/>\n<meta property=\"og:locale\" content=\"de_DE\" \/>\n<meta property=\"og:type\" content=\"article\" \/>\n<meta property=\"og:title\" content=\"Maison de l&#039;Absinthe - Neuch\u00e2tel vins et terroir\" \/>\n<meta property=\"og:description\" content=\"Die Wiege des Absinths liegt im Herzen des Val-de-Travers. Hier ergriff die ber\u00fchmte gr\u00fcne Fee die Flucht, \u00fcberlebte ein Jahrhundert [&hellip;]\" \/>\n<meta property=\"og:url\" content=\"https:\/\/neuchatel-vins-terroir.ch\/de\/partenaire\/maison-de-labsinthe\/\" \/>\n<meta property=\"og:site_name\" content=\"Neuch\u00e2tel vins et terroir\" \/>\n<meta property=\"article:modified_time\" content=\"2024-05-23T11:01:11+00:00\" \/>\n<meta property=\"og:image\" content=\"https:\/\/neuchatel-vins-terroir.ch\/wp-content\/uploads\/2021\/12\/Maison-de-lAbsinthe.png\" \/>\n\t<meta property=\"og:image:width\" content=\"1181\" \/>\n\t<meta property=\"og:image:height\" content=\"1181\" \/>\n\t<meta property=\"og:image:type\" content=\"image\/png\" \/>\n<meta name=\"twitter:card\" content=\"summary_large_image\" \/>\n<meta name=\"twitter:label1\" content=\"Gesch\u00e4tzte Lesezeit\" \/>\n\t<meta name=\"twitter:data1\" content=\"1\u00a0Minute\" \/>\n<script type=\"application\/ld+json\" class=\"yoast-schema-graph\">{\"@context\":\"https:\\\/\\\/schema.org\",\"@graph\":[{\"@type\":\"WebPage\",\"@id\":\"https:\\\/\\\/neuchatel-vins-terroir.ch\\\/de\\\/partenaire\\\/maison-de-labsinthe\\\/\",\"url\":\"https:\\\/\\\/neuchatel-vins-terroir.ch\\\/de\\\/partenaire\\\/maison-de-labsinthe\\\/\",\"name\":\"Maison de l'Absinthe - Neuch\u00e2tel vins et terroir\",\"isPartOf\":{\"@id\":\"https:\\\/\\\/neuchatel-vins-terroir.ch\\\/#website\"},\"primaryImageOfPage\":{\"@id\":\"https:\\\/\\\/neuchatel-vins-terroir.ch\\\/de\\\/partenaire\\\/maison-de-labsinthe\\\/#primaryimage\"},\"image\":{\"@id\":\"https:\\\/\\\/neuchatel-vins-terroir.ch\\\/de\\\/partenaire\\\/maison-de-labsinthe\\\/#primaryimage\"},\"thumbnailUrl\":\"https:\\\/\\\/neuchatel-vins-terroir.ch\\\/wp-content\\\/uploads\\\/2021\\\/12\\\/Maison-de-lAbsinthe.png\",\"datePublished\":\"2022-10-06T14:59:05+00:00\",\"dateModified\":\"2024-05-23T11:01:11+00:00\",\"breadcrumb\":{\"@id\":\"https:\\\/\\\/neuchatel-vins-terroir.ch\\\/de\\\/partenaire\\\/maison-de-labsinthe\\\/#breadcrumb\"},\"inLanguage\":\"de\",\"potentialAction\":[{\"@type\":\"ReadAction\",\"target\":[\"https:\\\/\\\/neuchatel-vins-terroir.ch\\\/de\\\/partenaire\\\/maison-de-labsinthe\\\/\"]}]},{\"@type\":\"ImageObject\",\"inLanguage\":\"de\",\"@id\":\"https:\\\/\\\/neuchatel-vins-terroir.ch\\\/de\\\/partenaire\\\/maison-de-labsinthe\\\/#primaryimage\",\"url\":\"https:\\\/\\\/neuchatel-vins-terroir.ch\\\/wp-content\\\/uploads\\\/2021\\\/12\\\/Maison-de-lAbsinthe.png\",\"contentUrl\":\"https:\\\/\\\/neuchatel-vins-terroir.ch\\\/wp-content\\\/uploads\\\/2021\\\/12\\\/Maison-de-lAbsinthe.png\",\"width\":1181,\"height\":1181},{\"@type\":\"BreadcrumbList\",\"@id\":\"https:\\\/\\\/neuchatel-vins-terroir.ch\\\/de\\\/partenaire\\\/maison-de-labsinthe\\\/#breadcrumb\",\"itemListElement\":[{\"@type\":\"ListItem\",\"position\":1,\"name\":\"Accueil\",\"item\":\"https:\\\/\\\/neuchatel-vins-terroir.ch\\\/de\\\/home\\\/\"},{\"@type\":\"ListItem\",\"position\":2,\"name\":\"Producteurs\",\"item\":\"https:\\\/\\\/neuchatel-vins-terroir.ch\\\/partenaires\\\/\"},{\"@type\":\"ListItem\",\"position\":3,\"name\":\"Maison de l&rsquo;Absinthe\"}]},{\"@type\":\"WebSite\",\"@id\":\"https:\\\/\\\/neuchatel-vins-terroir.ch\\\/#website\",\"url\":\"https:\\\/\\\/neuchatel-vins-terroir.ch\\\/\",\"name\":\"Neuch\u00e2tel vins et terroir\",\"description\":\"Neuch\u00e2tel vins et terroir\",\"publisher\":{\"@id\":\"https:\\\/\\\/neuchatel-vins-terroir.ch\\\/#organization\"},\"potentialAction\":[{\"@type\":\"SearchAction\",\"target\":{\"@type\":\"EntryPoint\",\"urlTemplate\":\"https:\\\/\\\/neuchatel-vins-terroir.ch\\\/?s={search_term_string}\"},\"query-input\":{\"@type\":\"PropertyValueSpecification\",\"valueRequired\":true,\"valueName\":\"search_term_string\"}}],\"inLanguage\":\"de\"},{\"@type\":\"Organization\",\"@id\":\"https:\\\/\\\/neuchatel-vins-terroir.ch\\\/#organization\",\"name\":\"Neuch\u00e2tel vins et terroir\",\"url\":\"https:\\\/\\\/neuchatel-vins-terroir.ch\\\/\",\"logo\":{\"@type\":\"ImageObject\",\"inLanguage\":\"de\",\"@id\":\"https:\\\/\\\/neuchatel-vins-terroir.ch\\\/#\\\/schema\\\/logo\\\/image\\\/\",\"url\":\"https:\\\/\\\/neuchatel-vins-terroir.ch\\\/wp-content\\\/uploads\\\/2021\\\/11\\\/logo_nvt.svg\",\"contentUrl\":\"https:\\\/\\\/neuchatel-vins-terroir.ch\\\/wp-content\\\/uploads\\\/2021\\\/11\\\/logo_nvt.svg\",\"width\":156,\"height\":82,\"caption\":\"Neuch\u00e2tel vins et terroir\"},\"image\":{\"@id\":\"https:\\\/\\\/neuchatel-vins-terroir.ch\\\/#\\\/schema\\\/logo\\\/image\\\/\"}}]}<\/script>\n<!-- \/ Yoast SEO plugin. -->","yoast_head_json":{"title":"Maison de l'Absinthe - Neuch\u00e2tel vins et terroir","robots":{"index":"index","follow":"follow","max-snippet":"max-snippet:-1","max-image-preview":"max-image-preview:large","max-video-preview":"max-video-preview:-1"},"canonical":"https:\/\/neuchatel-vins-terroir.ch\/de\/partenaire\/maison-de-labsinthe\/","og_locale":"de_DE","og_type":"article","og_title":"Maison de l'Absinthe - Neuch\u00e2tel vins et terroir","og_description":"Die Wiege des Absinths liegt im Herzen des Val-de-Travers. Hier ergriff die ber\u00fchmte gr\u00fcne Fee die Flucht, \u00fcberlebte ein Jahrhundert [&hellip;]","og_url":"https:\/\/neuchatel-vins-terroir.ch\/de\/partenaire\/maison-de-labsinthe\/","og_site_name":"Neuch\u00e2tel vins et terroir","article_modified_time":"2024-05-23T11:01:11+00:00","og_image":[{"width":1181,"height":1181,"url":"https:\/\/neuchatel-vins-terroir.ch\/wp-content\/uploads\/2021\/12\/Maison-de-lAbsinthe.png","type":"image\/png"}],"twitter_card":"summary_large_image","twitter_misc":{"Gesch\u00e4tzte Lesezeit":"1\u00a0Minute"},"schema":{"@context":"https:\/\/schema.org","@graph":[{"@type":"WebPage","@id":"https:\/\/neuchatel-vins-terroir.ch\/de\/partenaire\/maison-de-labsinthe\/","url":"https:\/\/neuchatel-vins-terroir.ch\/de\/partenaire\/maison-de-labsinthe\/","name":"Maison de l'Absinthe - Neuch\u00e2tel vins et terroir","isPartOf":{"@id":"https:\/\/neuchatel-vins-terroir.ch\/#website"},"primaryImageOfPage":{"@id":"https:\/\/neuchatel-vins-terroir.ch\/de\/partenaire\/maison-de-labsinthe\/#primaryimage"},"image":{"@id":"https:\/\/neuchatel-vins-terroir.ch\/de\/partenaire\/maison-de-labsinthe\/#primaryimage"},"thumbnailUrl":"https:\/\/neuchatel-vins-terroir.ch\/wp-content\/uploads\/2021\/12\/Maison-de-lAbsinthe.png","datePublished":"2022-10-06T14:59:05+00:00","dateModified":"2024-05-23T11:01:11+00:00","breadcrumb":{"@id":"https:\/\/neuchatel-vins-terroir.ch\/de\/partenaire\/maison-de-labsinthe\/#breadcrumb"},"inLanguage":"de","potentialAction":[{"@type":"ReadAction","target":["https:\/\/neuchatel-vins-terroir.ch\/de\/partenaire\/maison-de-labsinthe\/"]}]},{"@type":"ImageObject","inLanguage":"de","@id":"https:\/\/neuchatel-vins-terroir.ch\/de\/partenaire\/maison-de-labsinthe\/#primaryimage","url":"https:\/\/neuchatel-vins-terroir.ch\/wp-content\/uploads\/2021\/12\/Maison-de-lAbsinthe.png","contentUrl":"https:\/\/neuchatel-vins-terroir.ch\/wp-content\/uploads\/2021\/12\/Maison-de-lAbsinthe.png","width":1181,"height":1181},{"@type":"BreadcrumbList","@id":"https:\/\/neuchatel-vins-terroir.ch\/de\/partenaire\/maison-de-labsinthe\/#breadcrumb","itemListElement":[{"@type":"ListItem","position":1,"name":"Accueil","item":"https:\/\/neuchatel-vins-terroir.ch\/de\/home\/"},{"@type":"ListItem","position":2,"name":"Producteurs","item":"https:\/\/neuchatel-vins-terroir.ch\/partenaires\/"},{"@type":"ListItem","position":3,"name":"Maison de l&rsquo;Absinthe"}]},{"@type":"WebSite","@id":"https:\/\/neuchatel-vins-terroir.ch\/#website","url":"https:\/\/neuchatel-vins-terroir.ch\/","name":"Neuch\u00e2tel vins et terroir","description":"Neuch\u00e2tel vins et terroir","publisher":{"@id":"https:\/\/neuchatel-vins-terroir.ch\/#organization"},"potentialAction":[{"@type":"SearchAction","target":{"@type":"EntryPoint","urlTemplate":"https:\/\/neuchatel-vins-terroir.ch\/?s={search_term_string}"},"query-input":{"@type":"PropertyValueSpecification","valueRequired":true,"valueName":"search_term_string"}}],"inLanguage":"de"},{"@type":"Organization","@id":"https:\/\/neuchatel-vins-terroir.ch\/#organization","name":"Neuch\u00e2tel vins et terroir","url":"https:\/\/neuchatel-vins-terroir.ch\/","logo":{"@type":"ImageObject","inLanguage":"de","@id":"https:\/\/neuchatel-vins-terroir.ch\/#\/schema\/logo\/image\/","url":"https:\/\/neuchatel-vins-terroir.ch\/wp-content\/uploads\/2021\/11\/logo_nvt.svg","contentUrl":"https:\/\/neuchatel-vins-terroir.ch\/wp-content\/uploads\/2021\/11\/logo_nvt.svg","width":156,"height":82,"caption":"Neuch\u00e2tel vins et terroir"},"image":{"@id":"https:\/\/neuchatel-vins-terroir.ch\/#\/schema\/logo\/image\/"}}]}},"taxonomy_info":[],"featured_image_src_large":["https:\/\/neuchatel-vins-terroir.ch\/wp-content\/uploads\/2021\/12\/Maison-de-lAbsinthe-1024x1024.png",1024,1024,true],"author_info":[],"comment_info":"","publishpress_future_workflow_manual_trigger":{"enabledWorkflows":[]},"_links":{"self":[{"href":"https:\/\/neuchatel-vins-terroir.ch\/de\/wp-json\/wp\/v2\/producer\/30873","targetHints":{"allow":["GET"]}}],"collection":[{"href":"https:\/\/neuchatel-vins-terroir.ch\/de\/wp-json\/wp\/v2\/producer"}],"about":[{"href":"https:\/\/neuchatel-vins-terroir.ch\/de\/wp-json\/wp\/v2\/types\/producer"}],"version-history":[{"count":4,"href":"https:\/\/neuchatel-vins-terroir.ch\/de\/wp-json\/wp\/v2\/producer\/30873\/revisions"}],"predecessor-version":[{"id":38663,"href":"https:\/\/neuchatel-vins-terroir.ch\/de\/wp-json\/wp\/v2\/producer\/30873\/revisions\/38663"}],"wp:featuredmedia":[{"embeddable":true,"href":"https:\/\/neuchatel-vins-terroir.ch\/de\/wp-json\/wp\/v2\/media\/2652"}],"wp:attachment":[{"href":"https:\/\/neuchatel-vins-terroir.ch\/de\/wp-json\/wp\/v2\/media?parent=30873"}],"wp:term":[{"taxonomy":"region","embeddable":true,"href":"https:\/\/neuchatel-vins-terroir.ch\/de\/wp-json\/wp\/v2\/region?post=30873"},{"taxonomy":"label","embeddable":true,"href":"https:\/\/neuchatel-vins-terroir.ch\/de\/wp-json\/wp\/v2\/label?post=30873"},{"taxonomy":"partner_type","embeddable":true,"href":"https:\/\/neuchatel-vins-terroir.ch\/de\/wp-json\/wp\/v2\/partner_type?post=30873"}],"curies":[{"name":"wp","href":"https:\/\/api.w.org\/{rel}","templated":true}]}}

<p>Die Wiege des Absinths liegt im Herzen des Val-de-Travers. Hier ergriff die berühmte grüne Fee die Flucht, überlebte ein Jahrhundert der Prohibition und heute destillieren nicht weniger als dreißig Hersteller das berühmte Elixier und fünf Landwirte bauen 5 Heilpflanzen für das Absinthrezept an.Das Maison de l&#8217;Absinthe ist ein attraktives, modernes Interpretationszentrum, das Kultur, Wirtschaft und Tourismus auf innovative Weise verbindet. Es bewahrt das Erbe, präsentiert das Produkt und erschließt neue Absatzmärkte. Das Haus ist dem Absinth gewidmet, seiner Geschichte, der mythischen Zeit im Untergrund und seiner jüngsten Entwicklung. Es ist aber auch ein Ort, an dem die Zukunft aufgebaut wird, an dem die Industrie gefördert wird und an dem der Tourismus und die kulinarischen Genüsse entwickelt werden. Zwischen Vergangenheit und Zukunft, zwischen Licht und Schatten, zwischen Mythos und Realität werden die Besucher die tiefen und authentischen Verbindungen zwischen der Pflanze, dem Getränk, dem Land und der regionalen Identität entdecken.</p>

<!-- This site is optimized with the Yoast SEO plugin v27.5 - https://yoast.com/product/yoast-seo-wordpress/ -->
<title>Maison de l&#039;Absinthe - Neuchâtel vins et terroir</title>
<meta name="robots" content="index, follow, max-snippet:-1, max-image-preview:large, max-video-preview:-1" />
<link rel="canonical" href="https://neuchatel-vins-terroir.ch/de/partenaire/maison-de-labsinthe/" />
<meta property="og:locale" content="de_DE" />
<meta property="og:type" content="article" />
<meta property="og:title" content="Maison de l&#039;Absinthe - Neuchâtel vins et terroir" />
<meta property="og:description" content="Die Wiege des Absinths liegt im Herzen des Val-de-Travers. Hier ergriff die berühmte grüne Fee die Flucht, überlebte ein Jahrhundert [&hellip;]" />
<meta property="og:url" content="https://neuchatel-vins-terroir.ch/de/partenaire/maison-de-labsinthe/" />
<meta property="og:site_name" content="Neuchâtel vins et terroir" />
<meta property="article:modified_time" content="2024-05-23T11:01:11+00:00" />
<meta property="og:image" content="https://neuchatel-vins-terroir.ch/wp-content/uploads/2021/12/Maison-de-lAbsinthe.png" />
	<meta property="og:image:width" content="1181" />
	<meta property="og:image:height" content="1181" />
	<meta property="og:image:type" content="image/png" />
<meta name="twitter:card" content="summary_large_image" />
<meta name="twitter:label1" content="Geschätzte Lesezeit" />
	<meta name="twitter:data1" content="1 Minute" />
<script type="application/ld+json" class="yoast-schema-graph">{"@context":"https:\/\/schema.org","@graph":[{"@type":"WebPage","@id":"https:\/\/neuchatel-vins-terroir.ch\/de\/partenaire\/maison-de-labsinthe\/","url":"https:\/\/neuchatel-vins-terroir.ch\/de\/partenaire\/maison-de-labsinthe\/","name":"Maison de l'Absinthe - Neuchâtel vins et terroir","isPartOf":{"@id":"https:\/\/neuchatel-vins-terroir.ch\/#website"},"primaryImageOfPage":{"@id":"https:\/\/neuchatel-vins-terroir.ch\/de\/partenaire\/maison-de-labsinthe\/#primaryimage"},"image":{"@id":"https:\/\/neuchatel-vins-terroir.ch\/de\/partenaire\/maison-de-labsinthe\/#primaryimage"},"thumbnailUrl":"https:\/\/neuchatel-vins-terroir.ch\/wp-content\/uploads\/2021\/12\/Maison-de-lAbsinthe.png","datePublished":"2022-10-06T14:59:05+00:00","dateModified":"2024-05-23T11:01:11+00:00","breadcrumb":{"@id":"https:\/\/neuchatel-vins-terroir.ch\/de\/partenaire\/maison-de-labsinthe\/#breadcrumb"},"inLanguage":"de","potentialAction":[{"@type":"ReadAction","target":["https:\/\/neuchatel-vins-terroir.ch\/de\/partenaire\/maison-de-labsinthe\/"]}]},{"@type":"ImageObject","inLanguage":"de","@id":"https:\/\/neuchatel-vins-terroir.ch\/de\/partenaire\/maison-de-labsinthe\/#primaryimage","url":"https:\/\/neuchatel-vins-terroir.ch\/wp-content\/uploads\/2021\/12\/Maison-de-lAbsinthe.png","contentUrl":"https:\/\/neuchatel-vins-terroir.ch\/wp-content\/uploads\/2021\/12\/Maison-de-lAbsinthe.png","width":1181,"height":1181},{"@type":"BreadcrumbList","@id":"https:\/\/neuchatel-vins-terroir.ch\/de\/partenaire\/maison-de-labsinthe\/#breadcrumb","itemListElement":[{"@type":"ListItem","position":1,"name":"Accueil","item":"https:\/\/neuchatel-vins-terroir.ch\/de\/home\/"},{"@type":"ListItem","position":2,"name":"Producteurs","item":"https:\/\/neuchatel-vins-terroir.ch\/partenaires\/"},{"@type":"ListItem","position":3,"name":"Maison de l&rsquo;Absinthe"}]},{"@type":"WebSite","@id":"https:\/\/neuchatel-vins-terroir.ch\/#website","url":"https:\/\/neuchatel-vins-terroir.ch\/","name":"Neuchâtel vins et terroir","description":"Neuchâtel vins et terroir","publisher":{"@id":"https:\/\/neuchatel-vins-terroir.ch\/#organization"},"potentialAction":[{"@type":"SearchAction","target":{"@type":"EntryPoint","urlTemplate":"https:\/\/neuchatel-vins-terroir.ch\/?s={search_term_string}"},"query-input":{"@type":"PropertyValueSpecification","valueRequired":true,"valueName":"search_term_string"}}],"inLanguage":"de"},{"@type":"Organization","@id":"https:\/\/neuchatel-vins-terroir.ch\/#organization","name":"Neuchâtel vins et terroir","url":"https:\/\/neuchatel-vins-terroir.ch\/","logo":{"@type":"ImageObject","inLanguage":"de","@id":"https:\/\/neuchatel-vins-terroir.ch\/#\/schema\/logo\/image\/","url":"https:\/\/neuchatel-vins-terroir.ch\/wp-content\/uploads\/2021\/11\/logo_nvt.svg","contentUrl":"https:\/\/neuchatel-vins-terroir.ch\/wp-content\/uploads\/2021\/11\/logo_nvt.svg","width":156,"height":82,"caption":"Neuchâtel vins et terroir"},"image":{"@id":"https:\/\/neuchatel-vins-terroir.ch\/#\/schema\/logo\/image\/"}}]}</script>
<!-- / Yoast SEO plugin. -->

Maison de l'Absinthe - Neuchâtel vins et terroir

Die Wiege des Absinths liegt im Herzen des Val-de-Travers. Hier ergriff die berühmte grüne Fee die Flucht, überlebte ein Jahrhundert [&hellip;]

Neuchâtel vins et terroir
